{"id":10,"date":"2013-04-21T17:30:42","date_gmt":"2013-04-21T15:30:42","guid":{"rendered":"http:\/\/www.new.kojsov.sk\/?page_id=10"},"modified":"2022-05-19T10:49:10","modified_gmt":"2022-05-19T09:49:10","slug":"historia-obce","status":"publish","type":"page","link":"https:\/\/www.kojsov.sk\/?page_id=10","title":{"rendered":"Hist\u00f3ria obce"},"content":{"rendered":"<p><a href=\"http:\/\/www.new.kojsov.sk\/wp-content\/uploads\/2013\/04\/histkoj1.jpg\" data-rel=\"lightbox-image-0\" data-rl_title=\"\" data-rl_caption=\"\" title=\"\"><img loading=\"lazy\" class=\"alignleft size-medium wp-image-167\" src=\"http:\/\/www.new.kojsov.sk\/wp-content\/uploads\/2013\/04\/histkoj1-300x210.jpg\" alt=\"historia_kojsov\" width=\"300\" height=\"210\" srcset=\"https:\/\/www.kojsov.sk\/wp-content\/uploads\/2013\/04\/histkoj1-300x210.jpg 300w, https:\/\/www.kojsov.sk\/wp-content\/uploads\/2013\/04\/histkoj1.jpg 616w\" sizes=\"(max-width: 300px) 100vw, 300px\" \/><\/a>&nbsp; &nbsp; &nbsp; &nbsp; &nbsp; Obec Koj\u0161ov sa pod\u013ea dostupn\u00fdch historick\u00fdch prame\u0148ov po prv\u00fdkr\u00e1t spom\u00edna v roku 1368 a potom o sto rokov nesk\u00f4r, ke\u010f pripadla panstvu Spi\u0161sk\u00e9ho hradu. Spolu s n\u00edm sa dostala pod zemepansku pr\u00e1vomoc Z\u00e1po\u013esk\u00fdch, nesk\u00f4r Turzovcov. N\u00e1zov obce je najpravdepodobnej\u0161ie odvoden\u00fd od osobn\u00e9ho mena lok\u00e1tora obce Koy\u0161a, ktor\u00e9 vzniklo zo skr\u00e1tenej dom\u00e1ckej podoby slovansk\u00e9ho zalo\u017een\u00e9ho osobn\u00e9ho mena Kojslav.<\/p>\n<p>Zamestnanie obyvate\u013estva bolo predur\u010den\u00e9 pr\u00edrodn\u00fdmi podmienkami. P\u00f4vodn\u00ed obyvatelia obce sa zaoberali po\u013enohospod\u00e1rstvom, najm\u00e4 chovom oviec a dobytka. Vtedaj\u0161ie bohat\u00e9 lesy obce poskytovali mo\u017enos\u0165 pr\u00e1ce v nich pri \u0165a\u017ebe a spracovan\u00ed dreva. Nesk\u00f4r sa tu p\u00e1lilo dreven\u00e9 uhlie pre \u017eelezn\u00e9 h\u00e1mre, ktor\u00e9 upravovali vy\u0165a\u017een\u00e9 rudy z koj\u0161ovsk\u00fdch ban\u00ed. V roku 1565 sa Koj\u0161ov po\u010d\u00edtal medzi bansk\u00e9 obce.&nbsp;Hlavn\u00fdm zamestnan\u00edm obyvate\u013eov ved\u013ea chovu oviec bolo drevoruba\u010dstvo a&nbsp;tes\u00e1rstvo, nesk\u00f4r ban\u00edctvo. Symboly zamestnania s\u00fa vyjadren\u00e9 aj v&nbsp;erbe obce, ktor\u00e9ho atrib\u00fatmi s\u00fa p\u00edla, brvno a&nbsp;okr\u00eddlen\u00e1 hlava anjela symbolizuj\u00faceho ochranu pred zlom a&nbsp;ne\u0161\u0165ast\u00edm. Zru\u010dn\u00ed obyvatelia vyr\u00e1bali dlaban\u00fd riad \u2013 koryt\u00e1, misky, ly\u017eice, nabera\u010dky a \u010fal\u0161ie pre dedinsk\u00fd \u017eivot potrebn\u00e9 v\u00fdrobky. \u017deny sa venovali tkaniu pl\u00e1tna, kobercov a&nbsp;s\u00fakna. Zru\u010dn\u00e9 ruky \u017eien potvrdzuj\u00fa uchovan\u00e9 prekr\u00e1sne v\u00fd\u0161ivky na tradi\u010dn\u00fdch koj\u0161ovsk\u00fdch &nbsp;\u017eensk\u00fdch, diev\u010densk\u00fdch a&nbsp;mu\u017esk\u00fdch krojoch, ktor\u00e9 si zachovali dodnes svoju autenticitu a&nbsp;ktor\u00fdmi sa v&nbsp;s\u00fa\u010dasnosti p\u00fd\u0161ia \u010dlenovia dedinskej folkl\u00f3rnej&nbsp; skupiny.<\/p>\n<p>&nbsp;<\/p>\n<p><a href=\"http:\/\/www.new.kojsov.sk\/wp-content\/uploads\/2013\/04\/histkoj3.jpg\" data-rel=\"lightbox-image-1\" data-rl_title=\"\" data-rl_caption=\"\" title=\"\"><img loading=\"lazy\" class=\"alignleft size-medium wp-image-169\" src=\"http:\/\/www.new.kojsov.sk\/wp-content\/uploads\/2013\/04\/histkoj3-300x191.jpg\" alt=\"histkoj3\" width=\"300\" height=\"191\" srcset=\"https:\/\/www.kojsov.sk\/wp-content\/uploads\/2013\/04\/histkoj3-300x191.jpg 300w, https:\/\/www.kojsov.sk\/wp-content\/uploads\/2013\/04\/histkoj3.jpg 702w\" sizes=\"(max-width: 300px) 100vw, 300px\" \/><\/a>&nbsp; &nbsp; &nbsp;&nbsp;Tradi\u010dn\u00e1 v\u00fdroba pretrvala a\u017e do polovice 20. storo\u010dia a&nbsp;obyvatelia obce sa zap\u00e1jaj\u00fa do civiliza\u010dn\u00e9ho procesu. Manu\u00e1lna v\u00fdroba ustupuje a&nbsp;d\u00e1va vo\u013en\u00fd priechod priemyselnej v\u00fdrobe vo fabrik\u00e1ch, ktor\u00fd sa prejavuje ako nov\u00fd fenom\u00e9n konca 19. storo\u010dia. Kult\u00farne a&nbsp;spolo\u010densk\u00e9 trad\u00edcie maj\u00fa v&nbsp;na\u0161ej obci hlbok\u00e9 korene a&nbsp;uchov\u00e1vaj\u00fa sa aj na\u010falej.<\/p>\n","protected":false},"excerpt":{"rendered":"<p>&nbsp; &nbsp; &nbsp; &nbsp; &nbsp; Obec Koj\u0161ov sa pod\u013ea dostupn\u00fdch historick\u00fdch prame\u0148ov po prv\u00fdkr\u00e1t spom\u00edna v roku 1368 a potom o sto rokov nesk\u00f4r, ke\u010f pripadla panstvu Spi\u0161sk\u00e9ho hradu. Spolu s n\u00edm sa dostala pod zemepansku pr\u00e1vomoc Z\u00e1po\u013esk\u00fdch, nesk\u00f4r Turzovcov. N\u00e1zov obce je najpravdepodobnej\u0161ie odvoden\u00fd od osobn\u00e9ho mena lok\u00e1tora obce Koy\u0161a, ktor\u00e9 vzniklo zo skr\u00e1tenej &hellip; <\/p>\n<p><a class=\"more-link btn\" href=\"https:\/\/www.kojsov.sk\/?page_id=10\">Chcem vedie\u0165 viac<\/a><\/p>\n","protected":false},"author":1,"featured_media":0,"parent":0,"menu_order":0,"comment_status":"closed","ping_status":"closed","template":"","meta":[],"_links":{"self":[{"href":"https:\/\/www.kojsov.sk\/index.php?rest_route=\/wp\/v2\/pages\/10"}],"collection":[{"href":"https:\/\/www.kojsov.sk\/index.php?rest_route=\/wp\/v2\/pages"}],"about":[{"href":"https:\/\/www.kojsov.sk\/index.php?rest_route=\/wp\/v2\/types\/page"}],"author":[{"embeddable":true,"href":"https:\/\/www.kojsov.sk\/index.php?rest_route=\/wp\/v2\/users\/1"}],"replies":[{"embeddable":true,"href":"https:\/\/www.kojsov.sk\/index.php?rest_route=%2Fwp%2Fv2%2Fcomments&post=10"}],"version-history":[{"count":4,"href":"https:\/\/www.kojsov.sk\/index.php?rest_route=\/wp\/v2\/pages\/10\/revisions"}],"predecessor-version":[{"id":7426,"href":"https:\/\/www.kojsov.sk\/index.php?rest_route=\/wp\/v2\/pages\/10\/revisions\/7426"}],"wp:attachment":[{"href":"https:\/\/www.kojsov.sk\/index.php?rest_route=%2Fwp%2Fv2%2Fmedia&parent=10"}],"curies":[{"name":"wp","href":"https:\/\/api.w.org\/{rel}","templated":true}]}}