{"id":14,"date":"2013-04-21T17:32:11","date_gmt":"2013-04-21T15:32:11","guid":{"rendered":"http:\/\/www.new.kojsov.sk\/?page_id=14"},"modified":"2013-09-14T18:04:38","modified_gmt":"2013-09-14T16:04:38","slug":"chranene-uzemia","status":"publish","type":"page","link":"https:\/\/www.kojsov.sk\/?page_id=14","title":{"rendered":"Chr\u00e1nen\u00e9 \u00fazemia"},"content":{"rendered":"\n<table id=\"wp-table-reloaded-id-3-no-1\" class=\"wp-table-reloaded wp-table-reloaded-id-3\">\n<thead>\n\t<tr class=\"row-1 odd\">\n\t\t<th class=\"column-1\">Pr\u00edrodn\u00e1 pamiatka<\/th><th class=\"column-2\">\u010cierna Jasky\u0148a k.\u00fa. Koj\u0161ov, dl.8m<\/th>\n\t<\/tr>\n<\/thead>\n<tbody class=\"row-hover\">\n\t<tr class=\"row-2 even\">\n\t\t<td class=\"column-1\">Pr\u00edrodn\u00e1 pamiatka<\/td><td class=\"column-2\">Chy\u017ea k.\u00fa. Koj\u0161ov, jasky\u0148a dlh\u00e1 4m<\/td>\n\t<\/tr>\n\t<tr class=\"row-3 odd\">\n\t\t<td class=\"column-1\">Pr\u00edrodn\u00e1 pamiatka<\/td><td class=\"column-2\">Jasky\u0148a medzi stenami1 k.\u00fa. Koj\u0161ov<\/td>\n\t<\/tr>\n\t<tr class=\"row-4 even\">\n\t\t<td class=\"column-1\">Pr\u00edrodn\u00e1 pamiatka<\/td><td class=\"column-2\">Jasky\u0148a medzi stenami2 k.\u00fa. Koj\u0161ov<\/td>\n\t<\/tr>\n\t<tr class=\"row-5 odd\">\n\t\t<td class=\"column-1\">Pr\u00edrodn\u00e1 pamiatka<\/td><td class=\"column-2\">Jasky\u0148a medzi stenami3 k.\u00fa. Koj\u0161ov<\/td>\n\t<\/tr>\n\t<tr class=\"row-6 even\">\n\t\t<td class=\"column-1\">Pr\u00edrodn\u00e1 pamiatka<\/td><td class=\"column-2\">Jasky\u0148a medzi stenami4 k.\u00fa. Koj\u0161ov<\/td>\n\t<\/tr>\n\t<tr class=\"row-7 odd\">\n\t\t<td class=\"column-1\">Pr\u00edrodn\u00e1 pamiatka<\/td><td class=\"column-2\">Jasky\u0148a pod cestou (Kuku\u010dka) k.\u00fa. Koj\u0161ov, dl.5m<\/td>\n\t<\/tr>\n\t<tr class=\"row-8 even\">\n\t\t<td class=\"column-1\">Pr\u00edrodn\u00e1 pamiatka<\/td><td class=\"column-2\">Jasky\u0148a pri Chy\u017ei k.\u00fa. Koj\u0161ov, dl.12m<\/td>\n\t<\/tr>\n\t<tr class=\"row-9 odd\">\n\t\t<td class=\"column-1\">Pr\u00edrodn\u00e1 pamiatka<\/td><td class=\"column-2\">Jasky\u0148a pri polianke k.\u00fa. Koj\u0161ov<\/td>\n\t<\/tr>\n\t<tr class=\"row-10 even\">\n\t\t<td class=\"column-1\">Pr\u00edrodn\u00e1 pamiatka<\/td><td class=\"column-2\">Jasky\u0148a v \u010cervenej skale I. k.\u00fa. Koj\u0161ov, dl.11m<\/td>\n\t<\/tr>\n\t<tr class=\"row-11 odd\">\n\t\t<td class=\"column-1\">Pr\u00edrodn\u00e1 pamiatka<\/td><td class=\"column-2\">Jasky\u0148a v \u010cervenej skale II. k.\u00fa. Koj\u0161ov<\/td>\n\t<\/tr>\n\t<tr class=\"row-12 even\">\n\t\t<td class=\"column-1\">Pr\u00edrodn\u00e1 pamiatka<\/td><td class=\"column-2\">Kol\u00f3nia I.k.\u00fa. Koj\u0161ov, jasky\u0148a dlh\u00e1 18m<\/td>\n\t<\/tr>\n\t<tr class=\"row-13 odd\">\n\t\t<td class=\"column-1\">Pr\u00edrodn\u00e1 pamiatka<\/td><td class=\"column-2\">Kol\u00f3nia II.k.\u00fa. Koj\u0161ov, jasky\u0148a dlh\u00e1 25m<\/td>\n\t<\/tr>\n\t<tr class=\"row-14 even\">\n\t\t<td class=\"column-1\">Pr\u00edrodn\u00e1 pamiatka<\/td><td class=\"column-2\">Luk\u00e1\u010dov\u00e1 priepas\u0165 (Kamenn\u00e9 mlieko)k.\u00fa. Koj\u0161ov, 33m hlbok\u00e1 kor\u00f3zno-r\u00fativ\u00e1 priepas\u0165 v nadm. v\u00fd\u0161ke 725m<\/td>\n\t<\/tr>\n\t<tr class=\"row-15 odd\">\n\t\t<td class=\"column-1\">Pr\u00edrodn\u00e1 pamiatka<\/td><td class=\"column-2\">Partiz\u00e1nska jasky\u0148a k.\u00fa. Koj\u0161ov, dl.6m<\/td>\n\t<\/tr>\n\t<tr class=\"row-16 even\">\n\t\t<td class=\"column-1\">Pr\u00edrodn\u00e1 pamiatka<\/td><td class=\"column-2\">Priepas\u0165 pod bukom k.\u00fa. Koj\u0161ov, hl. cca 10m<\/td>\n\t<\/tr>\n\t<tr class=\"row-17 odd\">\n\t\t<td class=\"column-1\">Pr\u00edrodn\u00e1 pamiatka<\/td><td class=\"column-2\">Priepas\u0165 v Turnisku k.\u00fa. Koj\u0161ov<\/td>\n\t<\/tr>\n\t<tr class=\"row-18 even\">\n\t\t<td class=\"column-1\">Pr\u00edrodn\u00e1 pamiatka<\/td><td class=\"column-2\">Tonisov\u00e1 jasky\u0148a I. k.\u00fa. Koj\u0161ov, dl.8m<br \/>\r\n<\/td>\n\t<\/tr>\n\t<tr class=\"row-19 odd\">\n\t\t<td class=\"column-1\">Pr\u00edrodn\u00e1 pamiatka<\/td><td class=\"column-2\">Tonisov\u00e1 jasky\u0148a II. k.\u00fa. Koj\u0161ov, dl.13m<\/td>\n\t<\/tr>\n\t<tr class=\"row-20 even\">\n\t\t<td class=\"column-1\">Pr\u00edrodn\u00e1 pamiatka<\/td><td class=\"column-2\">Tunel (Chr\u00e1m) k.\u00fa. Koj\u0161ov, dl.20m<\/td>\n\t<\/tr>\n\t<tr class=\"row-21 odd\">\n\t\t<td class=\"column-1\">Pr\u00edrodn\u00e1 pamiatka<\/td><td class=\"column-2\">Lipy v obci Koj\u0161ov 5ks lipy malolistnatej na parcele \u010d.521 v k.\u00fa. Koj\u0161ov Vyhl\u00e1sen\u00e9 v roku 1997<\/td>\n\t<\/tr>\n<\/tbody>\n<\/table>\n\n","protected":false},"excerpt":{"rendered":"","protected":false},"author":1,"featured_media":0,"parent":0,"menu_order":0,"comment_status":"closed","ping_status":"closed","template":"","meta":[],"_links":{"self":[{"href":"https:\/\/www.kojsov.sk\/index.php?rest_route=\/wp\/v2\/pages\/14"}],"collection":[{"href":"https:\/\/www.kojsov.sk\/index.php?rest_route=\/wp\/v2\/pages"}],"about":[{"href":"https:\/\/www.kojsov.sk\/index.php?rest_route=\/wp\/v2\/types\/page"}],"author":[{"embeddable":true,"href":"https:\/\/www.kojsov.sk\/index.php?rest_route=\/wp\/v2\/users\/1"}],"replies":[{"embeddable":true,"href":"https:\/\/www.kojsov.sk\/index.php?rest_route=%2Fwp%2Fv2%2Fcomments&post=14"}],"version-history":[{"count":3,"href":"https:\/\/www.kojsov.sk\/index.php?rest_route=\/wp\/v2\/pages\/14\/revisions"}],"predecessor-version":[{"id":574,"href":"https:\/\/www.kojsov.sk\/index.php?rest_route=\/wp\/v2\/pages\/14\/revisions\/574"}],"wp:attachment":[{"href":"https:\/\/www.kojsov.sk\/index.php?rest_route=%2Fwp%2Fv2%2Fmedia&parent=14"}],"curies":[{"name":"wp","href":"https:\/\/api.w.org\/{rel}","templated":true}]}}