{"id":15,"date":"2013-04-21T17:32:22","date_gmt":"2013-04-21T15:32:22","guid":{"rendered":"http:\/\/www.new.kojsov.sk\/?page_id=15"},"modified":"2023-02-25T18:48:51","modified_gmt":"2023-02-25T17:48:51","slug":"osobnosti","status":"publish","type":"page","link":"https:\/\/www.kojsov.sk\/?page_id=15","title":{"rendered":"Osobnosti"},"content":{"rendered":"<h1><strong>Juraj Jakubisko ( *30. apr\u00edla 1938 Koj\u0161ov)<\/strong><\/h1>\n<p><a href=\"https:\/\/www.kojsov.sk\/wp-content\/uploads\/2013\/04\/5f00c0db1bf6db67b4b892b7c6cd92bd1319109190.jpg\" data-rel=\"lightbox-image-0\" data-rl_title=\"\" data-rl_caption=\"\" title=\"\"><img loading=\"lazy\" class=\"wp-image-139 size-full alignleft\" src=\"https:\/\/www.kojsov.sk\/wp-content\/uploads\/2013\/04\/5f00c0db1bf6db67b4b892b7c6cd92bd1319109190.jpg\" alt=\"\" width=\"165\" height=\"200\" \/><\/a>Legend\u00e1rny slovensk\u00fd re\u017eis\u00e9r Juraj Jakubisko sa narodil 30. apr\u00edla 1938 v Koj\u0161ove. V roku 1957 absolvoval odbor Fotografie na Strednej umelecko-priemyselnej \u0161kole v Bratislave a v rokoch 1959-1966 vy\u0161tudoval pra\u017esk\u00fa FAMU.<\/p>\n<p>Po ukon\u010den\u00ed \u0161t\u00fadi\u00ed debutoval dlhometr\u00e1\u017enym hran\u00fdm filmom <strong>Kristove roky<\/strong>(1967) &#8211; na osude dvoch ve\u013emi rozdielnych charakterov rozpr\u00e1va o \u017eivotn\u00fdch pocitoch post\u00e1v v kritickom obdob\u00ed \u017eivota po tridsiatke.\u00a0Filmy <strong>Zbehovia a p\u00fatnici<\/strong> (1968), <strong>Vt\u00e1\u010dikovia, siroty a bl\u00e1zni<\/strong> (1969) a tragikom\u00e9dia <strong>Dovidenia v pekle, priatelia<\/strong> (1970, dokon\u010den\u00e1 1990) boli v 70. rokoch normaliza\u010dnou cenz\u00farou zak\u00e1zan\u00e9 a Jakubisko sa mohol venova\u0165 len dokument\u00e1rnej tvorbe. A\u017e v roku 1979 sa smel kone\u010dne vr\u00e1ti\u0165 k r\u00e9\u017eii hran\u00fdch filmov. Jeho film <strong>Postav dom, zasa\u010f strom<\/strong>(1979), ktor\u00fd nato\u010dil po desa\u0165ro\u010dnej pauze, bol majstrovsk\u00fdm dielom. V roku 1980 nakr\u00fatil trojdielny telev\u00edzny film <strong>Nevera po slovensky<\/strong>.\u00a0Vrcholom jeho tvorby 80. rokov je historick\u00e1 s\u00e1ga <strong>Tis\u00edcro\u010dn\u00e1 v\u010dela<\/strong> (1983), ktor\u00e1 z\u00edskala mno\u017estvo ocenen\u00ed podobne ako filmov\u00e1 rozpr\u00e1vka <strong>Perinbaba<\/strong> (1985).\u00a0Vo filmoch <strong>Sed\u00edm na kon\u00e1ri a je mi dobre<\/strong> (1989) a <strong>Lep\u0161ie by\u0165 bohat\u00fd a zdrav\u00fd ako chudobn\u00fd a chor\u00fd<\/strong> (1992) sa t\u00e9mou \u013e\u00fabostn\u00e9ho trojuholn\u00edka vr\u00e1til k svojej tvorbe 60. rokov.<\/p>\n<p>Od roku 1993\u00a0\u017eije v Prahe, kde nakr\u00fatil filmy <strong>Nejasn\u00e1 spr\u00e1va o konci sv\u011bta<\/strong> (1997) a <strong>Post coitum<\/strong> (2004). Doposia\u013e posledn\u00fdm nakr\u00faten\u00fdm filmom Juraja Jakubiska je slovensko-\u010desko-ma\u010farsko-britsk\u00fd koproduk\u010dn\u00fd film <strong>Bathory<\/strong> uveden\u00fd v j\u00fali 2008.<\/p>\n<p>Pri pr\u00edle\u017eitosti svojich 75. naroden\u00edn, vydal autobiografiu <strong>\u017div\u00e9 striebro<\/strong> v ktorej zachyt\u00e1va prv\u00fdch 33 rokov svojho \u017eivota.<\/p>\n<p>V s\u00fa\u010dasnosti pripravuje nakr\u00facanie ve\u013ekofilmu <strong>Slovansk\u00e1 odysea<\/strong>.<\/p>\n\n\n<figure class=\"wp-block-image size-large\"><img src=\"https:\/\/www.kojsov.sk\/wp-content\/uploads\/2023\/02\/1.jpg\" alt=\"\"\/><\/figure>\n\n\n\n<figure class=\"wp-block-image size-large\"><img src=\"https:\/\/www.kojsov.sk\/wp-content\/uploads\/2023\/02\/2.png\" alt=\"\"\/><\/figure>\n","protected":false},"excerpt":{"rendered":"<p>Juraj Jakubisko ( *30. apr\u00edla 1938 Koj\u0161ov) Legend\u00e1rny slovensk\u00fd re\u017eis\u00e9r Juraj Jakubisko sa narodil 30. apr\u00edla 1938 v Koj\u0161ove. V roku 1957 absolvoval odbor Fotografie na Strednej umelecko-priemyselnej \u0161kole v Bratislave a v rokoch 1959-1966 vy\u0161tudoval pra\u017esk\u00fa FAMU. Po ukon\u010den\u00ed \u0161t\u00fadi\u00ed debutoval dlhometr\u00e1\u017enym hran\u00fdm filmom Kristove roky(1967) &#8211; na osude dvoch ve\u013emi rozdielnych charakterov rozpr\u00e1va &hellip; <\/p>\n<p><a class=\"more-link btn\" href=\"https:\/\/www.kojsov.sk\/?page_id=15\">Chcem vedie\u0165 viac<\/a><\/p>\n","protected":false},"author":1,"featured_media":0,"parent":0,"menu_order":0,"comment_status":"closed","ping_status":"closed","template":"","meta":[],"_links":{"self":[{"href":"https:\/\/www.kojsov.sk\/index.php?rest_route=\/wp\/v2\/pages\/15"}],"collection":[{"href":"https:\/\/www.kojsov.sk\/index.php?rest_route=\/wp\/v2\/pages"}],"about":[{"href":"https:\/\/www.kojsov.sk\/index.php?rest_route=\/wp\/v2\/types\/page"}],"author":[{"embeddable":true,"href":"https:\/\/www.kojsov.sk\/index.php?rest_route=\/wp\/v2\/users\/1"}],"replies":[{"embeddable":true,"href":"https:\/\/www.kojsov.sk\/index.php?rest_route=%2Fwp%2Fv2%2Fcomments&post=15"}],"version-history":[{"count":7,"href":"https:\/\/www.kojsov.sk\/index.php?rest_route=\/wp\/v2\/pages\/15\/revisions"}],"predecessor-version":[{"id":8354,"href":"https:\/\/www.kojsov.sk\/index.php?rest_route=\/wp\/v2\/pages\/15\/revisions\/8354"}],"wp:attachment":[{"href":"https:\/\/www.kojsov.sk\/index.php?rest_route=%2Fwp%2Fv2%2Fmedia&parent=15"}],"curies":[{"name":"wp","href":"https:\/\/api.w.org\/{rel}","templated":true}]}}