{"id":3622,"date":"2016-08-07T18:17:08","date_gmt":"2016-08-07T17:17:08","guid":{"rendered":"http:\/\/www.kojsov.sk\/?page_id=3622"},"modified":"2022-10-05T13:39:56","modified_gmt":"2022-10-05T12:39:56","slug":"cennik-kuka-nadoba-a-poplatky-za-umiestnenie-drobneho-stavebneho-odpadu","status":"publish","type":"page","link":"https:\/\/www.kojsov.sk\/?page_id=3622","title":{"rendered":"Cenn\u00edk kuka n\u00e1doba a poplatky za umiestnenie drobn\u00e9ho stavebn\u00e9ho odpadu"},"content":{"rendered":"<p><strong>Kuka n\u00e1doba na odpad plastov\u00e1, objem 120 l&nbsp;&nbsp;&nbsp;&nbsp;&nbsp;&nbsp;&nbsp;&nbsp;&nbsp;&nbsp;&nbsp;&nbsp;&nbsp;&nbsp;&nbsp;&nbsp;&nbsp;&nbsp;&nbsp;&nbsp;&nbsp;&nbsp;&nbsp;&nbsp;&nbsp;&nbsp;&nbsp;&nbsp; cena: 28 \u20ac<\/strong><\/p>\n<p><u>popis:<\/u> N\u00e1doba na domov\u00fd komun\u00e1lny odpad v \u010diernej farbe je vyroben\u00e1 z plastu, ktor\u00fd je odoln\u00fd UV \u017eiareniu a chemik\u00e1li\u00e1m, \u010do zaru\u010duje dlh\u00fa \u017eivotnos\u0165 smetnej n\u00e1doby.<\/p>\n<ul>\n<li>smetn\u00e1&nbsp;n\u00e1doba&nbsp;je&nbsp;vybaven\u00e9&nbsp;dvoma pojazdn\u00fdmi kolieskami umo\u017e\u0148uj\u00facimi \u013eahk\u00fa manipul\u00e1ciu<\/li>\n<li>n\u00e1doba&nbsp;je&nbsp;vyroben\u00e1&nbsp;z vysoko odoln\u00e9ho HDPE plastu,&nbsp;ktor\u00fd zaru\u010duje dlh\u00fa&nbsp;\u017eivotnos\u0165<\/li>\n<li>plast je odoln\u00fd vo\u010di UV \u017eiareniu,&nbsp;chemick\u00fdm l\u00e1tkam a nekoroduje<\/li>\n<li>poklop smetnej n\u00e1doby je \u013eahko obslu\u017en\u00fd v\u010faka ve\u013emi n\u00edzkej hmotnosti<\/li>\n<li>hladk\u00e9 plochy zabra\u0148uj\u00fa uchyt\u00e1vaniu ne\u010dist\u00f4t<\/li>\n<li>farebn\u00e9 odl\u00ed\u0161enie na zber separovan\u00e9ho odpadu<\/li>\n<li>produkt zodpoved\u00e1 norme EN 840<\/li>\n<\/ul>\n<p><strong>Vrece ozna\u010den\u00e9 logom zberovej spolo\u010dnosti, objem 120 l&nbsp;&nbsp;&nbsp;&nbsp;&nbsp;&nbsp;&nbsp;&nbsp;&nbsp;&nbsp;&nbsp; poplatok: 1,70 \u20ac\/vrece<\/strong><\/p>\n<p>Ob\u010dan, ktor\u00e9mu neposta\u010duje zbern\u00e1 n\u00e1doba na komun\u00e1lny odpad, m\u00e1 mo\u017enos\u0165 zaobstara\u0165 si na obecnom \u00farade plastov\u00e9 vrece o&nbsp;objeme 120l, ktor\u00e9 je ozna\u010den\u00e9 logom spolo\u010dnosti, ktor\u00e1 v&nbsp;obci vykon\u00e1va zber komun\u00e1lneho odpadu. Zberov\u00e1 spolo\u010dnos\u0165 vrece naplnen\u00e9 komun\u00e1lnym odpadom odoberie z&nbsp;odbern\u00e9ho miesta.<\/p>\n<p>Obec za vrece dorub\u00ed ob\u010danovi poplatok za komun\u00e1lny odpad vo v\u00fd\u0161ke 1,70 \u20ac\/vrece.<\/p>\n<p><strong>Poplatok za umiestnenie Drobn\u00e9ho stavebn\u00e9ho odpadu&nbsp;&nbsp;&nbsp;&nbsp;&nbsp;&nbsp;&nbsp;&nbsp;&nbsp;&nbsp;&nbsp;&nbsp; poplatok: 0,05 \u20ac\/kg<\/strong><\/p>\n<p>Ob\u010dan zaplat\u00ed poplatok za drobn\u00fd stavebn\u00fd odpad v&nbsp;hotovosti, poveren\u00e9mu zamestnancovi obce, a&nbsp;to za skuto\u010dn\u00e9 mno\u017estvo drobn\u00e9ho stavebn\u00e9ho odpadu, ktor\u00e9 sa zist\u00ed odv\u00e1\u017een\u00edm alebo odhadom.<\/p>\n<p>Ob\u010dan odovzd\u00e1 drobn\u00fd stavebn\u00fd odpad zamestnancovi obce na mieste ur\u010denom obcou.<\/p>\n","protected":false},"excerpt":{"rendered":"<p>Kuka n\u00e1doba na odpad plastov\u00e1, objem 120 l&nbsp;&nbsp;&nbsp;&nbsp;&nbsp;&nbsp;&nbsp;&nbsp;&nbsp;&nbsp;&nbsp;&nbsp;&nbsp;&nbsp;&nbsp;&nbsp;&nbsp;&nbsp;&nbsp;&nbsp;&nbsp;&nbsp;&nbsp;&nbsp;&nbsp;&nbsp;&nbsp;&nbsp; cena: 28 \u20ac popis: N\u00e1doba na domov\u00fd komun\u00e1lny odpad v \u010diernej farbe je vyroben\u00e1 z plastu, ktor\u00fd je odoln\u00fd UV \u017eiareniu a chemik\u00e1li\u00e1m, \u010do zaru\u010duje dlh\u00fa \u017eivotnos\u0165 smetnej n\u00e1doby. smetn\u00e1&nbsp;n\u00e1doba&nbsp;je&nbsp;vybaven\u00e9&nbsp;dvoma pojazdn\u00fdmi kolieskami umo\u017e\u0148uj\u00facimi \u013eahk\u00fa manipul\u00e1ciu n\u00e1doba&nbsp;je&nbsp;vyroben\u00e1&nbsp;z vysoko odoln\u00e9ho HDPE plastu,&nbsp;ktor\u00fd zaru\u010duje dlh\u00fa&nbsp;\u017eivotnos\u0165 plast je odoln\u00fd vo\u010di UV &hellip; <\/p>\n<p><a class=\"more-link btn\" href=\"https:\/\/www.kojsov.sk\/?page_id=3622\">Chcem vedie\u0165 viac<\/a><\/p>\n","protected":false},"author":1,"featured_media":0,"parent":0,"menu_order":0,"comment_status":"closed","ping_status":"closed","template":"","meta":[],"_links":{"self":[{"href":"https:\/\/www.kojsov.sk\/index.php?rest_route=\/wp\/v2\/pages\/3622"}],"collection":[{"href":"https:\/\/www.kojsov.sk\/index.php?rest_route=\/wp\/v2\/pages"}],"about":[{"href":"https:\/\/www.kojsov.sk\/index.php?rest_route=\/wp\/v2\/types\/page"}],"author":[{"embeddable":true,"href":"https:\/\/www.kojsov.sk\/index.php?rest_route=\/wp\/v2\/users\/1"}],"replies":[{"embeddable":true,"href":"https:\/\/www.kojsov.sk\/index.php?rest_route=%2Fwp%2Fv2%2Fcomments&post=3622"}],"version-history":[{"count":4,"href":"https:\/\/www.kojsov.sk\/index.php?rest_route=\/wp\/v2\/pages\/3622\/revisions"}],"predecessor-version":[{"id":7958,"href":"https:\/\/www.kojsov.sk\/index.php?rest_route=\/wp\/v2\/pages\/3622\/revisions\/7958"}],"wp:attachment":[{"href":"https:\/\/www.kojsov.sk\/index.php?rest_route=%2Fwp%2Fv2%2Fmedia&parent=3622"}],"curies":[{"name":"wp","href":"https:\/\/api.w.org\/{rel}","templated":true}]}}