{"id":4120,"date":"2018-03-20T17:31:42","date_gmt":"2018-03-20T16:31:42","guid":{"rendered":"http:\/\/www.kojsov.sk\/?page_id=4120"},"modified":"2018-03-20T17:59:47","modified_gmt":"2018-03-20T16:59:47","slug":"rozsirenie-systemu-nakladania-s-odpadom-v-obci-kojsov","status":"publish","type":"page","link":"https:\/\/www.kojsov.sk\/?page_id=4120","title":{"rendered":"Roz\u0161\u00edrenie syst\u00e9mu nakladania s odpadom v obci Koj\u0161ov"},"content":{"rendered":"<p><img loading=\"lazy\" class=\"aligncenter wp-image-4129 size-full\" src=\"https:\/\/www.kojsov.sk\/wp-content\/uploads\/2018\/03\/header_minv_eu.jpg\" alt=\"\" width=\"1198\" height=\"85\" srcset=\"https:\/\/www.kojsov.sk\/wp-content\/uploads\/2018\/03\/header_minv_eu.jpg 1198w, https:\/\/www.kojsov.sk\/wp-content\/uploads\/2018\/03\/header_minv_eu-300x21.jpg 300w, https:\/\/www.kojsov.sk\/wp-content\/uploads\/2018\/03\/header_minv_eu-768x54.jpg 768w, https:\/\/www.kojsov.sk\/wp-content\/uploads\/2018\/03\/header_minv_eu-1024x73.jpg 1024w\" sizes=\"(max-width: 1198px) 100vw, 1198px\" \/><\/p>\n<p>Typ projektu: dopytovo-orientovan\u00fd projekt<br \/>\nPrij\u00edmate\u013e: Obec Koj\u0161ov<br \/>\nK\u00f3d v\u00fdzvy: OPLZ-PO6-SC611-2017-1<br \/>\nK\u00f3d ITMS: 312061G383<br \/>\nTerm\u00edn realiz\u00e1cie projektu: 04 \u2013 12\/2018<br \/>\nCelkov\u00e1 zazmluvnen\u00e1 suma:&nbsp; 228&nbsp;385,10 EUR<\/p>\n<p>&nbsp;<\/p>\n<p>Projekt je realizovan\u00fd v obci Koj\u0161ov, ktor\u00e1 sa nach\u00e1dza v&nbsp;okrese Gelnica. V obci \u017eije 713 obyvate\u013eov, z&nbsp;toho 80 obyvate\u013eov s\u00fa pr\u00edslu\u0161n\u00edci MRK, ktor\u00ed s\u00fa viacn\u00e1sobne postihnut\u00ed prvkami marginaliz\u00e1cie, \u010do mnohokr\u00e1t sp\u00f4sobuje ich izolovanos\u0165 a odk\u00e1zanos\u0165 na soci\u00e1lnu pomoc \u0161t\u00e1tu.<br \/>\n&nbsp;<\/p>\n<p><strong>Cie\u013eom projektu<\/strong> je zv\u00fd\u0161i\u0165 po\u010det MRK dom\u00e1cnost\u00ed so&nbsp;zlep\u0161en\u00fdmi podmienkami na b\u00fdvanie&nbsp;a&nbsp;po\u010det pracovn\u00fdch miest pre MRK, prostredn\u00edctvom naplnenia merate\u013en\u00fdch ukazovate\u013eov:<\/p>\n<ol>\n<li><strong>P0883<\/strong>&#8211; Po\u010det obyvate\u013eov MRK, ktor\u00fdm sa zlep\u0161ili podmienky b\u00fdvania prostredn\u00edctvom vybudovania zbern\u00e9ho dvora \u2013&nbsp;<strong>80 os\u00f4b<\/strong><\/li>\n<li><strong>P0263<\/strong>\u2013 Po\u010det obyvate\u013eov MRK, ktor\u00fdm sa zlep\u0161ili podmienky b\u00fdvania prostredn\u00edctvom vybudovania stoj\u00edsk&nbsp; \u2013&nbsp;<strong>80 os\u00f4b<\/strong><\/li>\n<li><strong>P0527<\/strong>\u2013 Po\u010det vytvoren\u00fdch pracovn\u00fdch miest cielene pre MRK prostredn\u00edctvom uplatnenia soci\u00e1lneho aspektu vo verejn\u00fdch obstar\u00e1vaniach &#8211;&nbsp;<strong>1 pracovn\u00e9 miesto<\/strong><\/li>\n<\/ol>\n<p><strong>Predmetom&nbsp;projektu<\/strong>&nbsp;je vybudovanie zbern\u00e9ho dvora, troch stoj\u00edsk a&nbsp;obstarania dopravnej techniky, v &nbsp;s\u00falade&nbsp;s aktivitami Opera\u010dn\u00fd program \u013dudsk\u00e9 zdroje &nbsp;v&nbsp;r\u00e1mci \u0160C &nbsp;6.1.1., aktivita A. Vybudovanie, resp. dobudovanie syst\u00e9mu zberu a&nbsp;odvozu komun\u00e1lneho odpadu. Umiestnenie troch stoj\u00edsk je v&nbsp;bezprostrednej bl\u00edzkosti obydl\u00ed MRK, kde \u017eije&nbsp;viac ako 80% MRK v min. 3 obydliach.&nbsp;Zbern\u00fd dvor je lokalizovan\u00fd na okraji obce.<\/p>\n<p style=\"text-align: center;\"><strong>\u201eTento projekt sa realizuje v\u010faka podpore z Eur\u00f3pskeho soci\u00e1lneho fondu a Eur\u00f3pskeho fondu region\u00e1lneho rozvoja v r\u00e1mci <\/strong><\/p>\n<p style=\"text-align: center;\"><strong>Opera\u010dn\u00e9ho programu \u013dudsk\u00e9 zdroje\u201c<\/strong><\/p>\n<p style=\"text-align: center;\">&nbsp;<a href=\"http:\/\/www.esf.gov.sk\">www.esf.gov.sk<\/a>, <a href=\"http:\/\/www.mv.gov.sk\">www.mv.gov.sk<\/a><\/p>\n","protected":false},"excerpt":{"rendered":"<p>Typ projektu: dopytovo-orientovan\u00fd projekt Prij\u00edmate\u013e: Obec Koj\u0161ov K\u00f3d v\u00fdzvy: OPLZ-PO6-SC611-2017-1 K\u00f3d ITMS: 312061G383 Term\u00edn realiz\u00e1cie projektu: 04 \u2013 12\/2018 Celkov\u00e1 zazmluvnen\u00e1 suma:&nbsp; 228&nbsp;385,10 EUR &nbsp; Projekt je realizovan\u00fd v obci Koj\u0161ov, ktor\u00e1 sa nach\u00e1dza v&nbsp;okrese Gelnica. V obci \u017eije 713 obyvate\u013eov, z&nbsp;toho 80 obyvate\u013eov s\u00fa pr\u00edslu\u0161n\u00edci MRK, ktor\u00ed s\u00fa viacn\u00e1sobne postihnut\u00ed prvkami marginaliz\u00e1cie, \u010do mnohokr\u00e1t &hellip; <\/p>\n<p><a class=\"more-link btn\" href=\"https:\/\/www.kojsov.sk\/?page_id=4120\">Chcem vedie\u0165 viac<\/a><\/p>\n","protected":false},"author":1,"featured_media":0,"parent":0,"menu_order":0,"comment_status":"closed","ping_status":"closed","template":"","meta":[],"_links":{"self":[{"href":"https:\/\/www.kojsov.sk\/index.php?rest_route=\/wp\/v2\/pages\/4120"}],"collection":[{"href":"https:\/\/www.kojsov.sk\/index.php?rest_route=\/wp\/v2\/pages"}],"about":[{"href":"https:\/\/www.kojsov.sk\/index.php?rest_route=\/wp\/v2\/types\/page"}],"author":[{"embeddable":true,"href":"https:\/\/www.kojsov.sk\/index.php?rest_route=\/wp\/v2\/users\/1"}],"replies":[{"embeddable":true,"href":"https:\/\/www.kojsov.sk\/index.php?rest_route=%2Fwp%2Fv2%2Fcomments&post=4120"}],"version-history":[{"count":5,"href":"https:\/\/www.kojsov.sk\/index.php?rest_route=\/wp\/v2\/pages\/4120\/revisions"}],"predecessor-version":[{"id":4132,"href":"https:\/\/www.kojsov.sk\/index.php?rest_route=\/wp\/v2\/pages\/4120\/revisions\/4132"}],"wp:attachment":[{"href":"https:\/\/www.kojsov.sk\/index.php?rest_route=%2Fwp%2Fv2%2Fmedia&parent=4120"}],"curies":[{"name":"wp","href":"https:\/\/api.w.org\/{rel}","templated":true}]}}