{"id":4202,"date":"2018-07-10T18:39:54","date_gmt":"2018-07-10T17:39:54","guid":{"rendered":"http:\/\/www.kojsov.sk\/?page_id=4202"},"modified":"2018-11-11T15:30:44","modified_gmt":"2018-11-11T14:30:44","slug":"volby-do-organov-samospravy-obci-2018","status":"publish","type":"page","link":"https:\/\/www.kojsov.sk\/?page_id=4202","title":{"rendered":"Vo\u013eby do org\u00e1nov samospr\u00e1vy obc\u00ed 2018"},"content":{"rendered":"<p><span style=\"text-decoration: underline;\"><a href=\"https:\/\/www.kojsov.sk\/?p=6147\">V\u00fdsledky volieb do org\u00e1nov samospr\u00e1vy v obci Koj\u0161ov<\/a><\/span><\/p>\n<p><a href=\"https:\/\/www.kojsov.sk\/wp-content\/uploads\/2018\/09\/zoznam_kv_starosta.pdf\" class=\"mtli_attachment mtli_pdf\" target=\"_blank\" rel=\"noopener\">Zoznam zaregistrovan\u00fdch kandid\u00e1tov pre vo\u013eby starostu obce (529kB)<\/a><\/p>\n<p><a href=\"https:\/\/www.kojsov.sk\/wp-content\/uploads\/2018\/09\/zoznam_kv_poslanci.pdf\" class=\"mtli_attachment mtli_pdf\" target=\"_blank\" rel=\"noopener\">Zoznam zaregistrovan\u00fdch kandid\u00e1tov pre vo\u013eby do obecn\u00e9ho zastupite\u013estva (807kB)<\/a><\/p>\n<p><a href=\"https:\/\/www.kojsov.sk\/wp-content\/uploads\/2018\/07\/rozhodnutie2018_203.pdf\" class=\"mtli_attachment mtli_pdf\" target=\"_blank\" rel=\"noopener\">Rozhodnutie o vyhl\u00e1sen\u00ed volieb do org\u00e1nov samospr\u00e1vy obc\u00ed (145kB)<\/a><br \/>\n<a href=\"https:\/\/www.kojsov.sk\/wp-content\/uploads\/2018\/07\/pokyny_volby.pdf\" class=\"mtli_attachment mtli_pdf\" target=\"_blank\" rel=\"noopener\">Inform\u00e1cia o podmienkach pr\u00e1va voli\u0165 a by\u0165 volen\u00fd v slovenskom jazyku (34kB)<\/a><\/p>\n<p><a href=\"https:\/\/www.kojsov.sk\/wp-content\/uploads\/2018\/komunalne_volby\/zverejnenie_poctu_obyvatelov_obce.pdf\" class=\"mtli_attachment mtli_pdf\" target=\"_blank\" rel=\"noopener\">Zverejnenie po\u010dtu obyvate\u013eov obce Koj\u0161ov (164kB)<\/a><br \/>\n<a href=\"https:\/\/www.kojsov.sk\/wp-content\/uploads\/2018\/komunalne_volby\/menovanie_zapisovatela_volebnej_komisie.pdf\" class=\"mtli_attachment mtli_pdf\" target=\"_blank\" rel=\"noopener\">Vymenovanie zapisovate\u013ea miestnej volebnej komisie (165kB)<\/a><br \/>\n<a href=\"https:\/\/www.kojsov.sk\/wp-content\/uploads\/2018\/komunalne_volby\/rozsha_vykonu_starostu.pdf\" class=\"mtli_attachment mtli_pdf\" target=\"_blank\" rel=\"noopener\">Ozn\u00e1menie o rozsahu v\u00fdkonu starostu obce (186kB)<\/a><br \/>\n<a href=\"https:\/\/www.kojsov.sk\/wp-content\/uploads\/2018\/komunalne_volby\/urcenie_poctu_poslancov.pdf\" class=\"mtli_attachment mtli_pdf\" target=\"_blank\" rel=\"noopener\">Ozn\u00e1menie o ur\u010den\u00ed po\u010dtu poslancov a utvoren\u00ed volebn\u00e9ho obvodu (202kB)<\/a><\/p>\n<ul>\n<li><a href=\"https:\/\/www.minv.sk\/?oso18-info2\" target=\"_blank\" rel=\"noopener\">Inform\u00e1cie pre politick\u00e9 strany, politick\u00e9 hnutia a&nbsp;koal\u00edcie<\/a><\/li>\n<li><a href=\"https:\/\/www.minv.sk\/?oso18_info3\" target=\"_blank\" rel=\"noopener\">Inform\u00e1cie pre nez\u00e1visl\u00fdch kandid\u00e1tov<\/a><\/li>\n<li><a href=\"https:\/\/www.minv.sk\/?oso18_vzory3\" target=\"_blank\" rel=\"noopener\">Vzory kandid\u00e1tnych list\u00edn a&nbsp;pr\u00edloh ku kandid\u00e1tnym listin\u00e1m<\/a><\/li>\n<li><a href=\"https:\/\/www.minv.sk\/?oso18_kampaninfo\" target=\"_blank\" rel=\"noopener\">Inform\u00e1cie k&nbsp;vedeniu volebnej kampane<\/a><\/li>\n<li><a href=\"https:\/\/www.minv.sk\/?oso18_vzory6\" target=\"_blank\" rel=\"noopener\">Tla\u010div\u00e1 a&nbsp;vzory pre vedenie volebnej kampane<\/a><\/li>\n<\/ul>\n","protected":false},"excerpt":{"rendered":"<p>V\u00fdsledky volieb do org\u00e1nov samospr\u00e1vy v obci Koj\u0161ov Zoznam zaregistrovan\u00fdch kandid\u00e1tov pre vo\u013eby starostu obce (529kB) Zoznam zaregistrovan\u00fdch kandid\u00e1tov pre vo\u013eby do obecn\u00e9ho zastupite\u013estva (807kB) Rozhodnutie o vyhl\u00e1sen\u00ed volieb do org\u00e1nov samospr\u00e1vy obc\u00ed (145kB) Inform\u00e1cia o podmienkach pr\u00e1va voli\u0165 a by\u0165 volen\u00fd v slovenskom jazyku (34kB) Zverejnenie po\u010dtu obyvate\u013eov obce Koj\u0161ov (164kB) Vymenovanie zapisovate\u013ea miestnej &hellip; <\/p>\n<p><a class=\"more-link btn\" href=\"https:\/\/www.kojsov.sk\/?page_id=4202\">Chcem vedie\u0165 viac<\/a><\/p>\n","protected":false},"author":1,"featured_media":0,"parent":0,"menu_order":0,"comment_status":"closed","ping_status":"closed","template":"","meta":[],"_links":{"self":[{"href":"https:\/\/www.kojsov.sk\/index.php?rest_route=\/wp\/v2\/pages\/4202"}],"collection":[{"href":"https:\/\/www.kojsov.sk\/index.php?rest_route=\/wp\/v2\/pages"}],"about":[{"href":"https:\/\/www.kojsov.sk\/index.php?rest_route=\/wp\/v2\/types\/page"}],"author":[{"embeddable":true,"href":"https:\/\/www.kojsov.sk\/index.php?rest_route=\/wp\/v2\/users\/1"}],"replies":[{"embeddable":true,"href":"https:\/\/www.kojsov.sk\/index.php?rest_route=%2Fwp%2Fv2%2Fcomments&post=4202"}],"version-history":[{"count":10,"href":"https:\/\/www.kojsov.sk\/index.php?rest_route=\/wp\/v2\/pages\/4202\/revisions"}],"predecessor-version":[{"id":6693,"href":"https:\/\/www.kojsov.sk\/index.php?rest_route=\/wp\/v2\/pages\/4202\/revisions\/6693"}],"wp:attachment":[{"href":"https:\/\/www.kojsov.sk\/index.php?rest_route=%2Fwp%2Fv2%2Fmedia&parent=4202"}],"curies":[{"name":"wp","href":"https:\/\/api.w.org\/{rel}","templated":true}]}}