{"id":4215,"date":"2018-07-23T18:48:53","date_gmt":"2018-07-23T17:48:53","guid":{"rendered":"http:\/\/www.kojsov.sk\/?page_id=4215"},"modified":"2019-09-02T22:15:53","modified_gmt":"2019-09-02T21:15:53","slug":"vyzva-na-predlozenie-ponuky-detske-ihrisko-pri-materskej-skole-v-kojsove","status":"publish","type":"page","link":"https:\/\/www.kojsov.sk\/?page_id=4215","title":{"rendered":"V\u00fdzva na predlo\u017eenie ponuky: Detsk\u00e9 ihrisko pri Materskej \u0161kole v Koj\u0161ove"},"content":{"rendered":"\n<p style=\"text-align:right\" class=\"has-small-font-size\">Zverejnen\u00e9: 08.10.2018<\/p>\n\n\n\n<p><strong>S\u00fabory na stiahnutie: <\/strong><\/p>\n\n\n<p><a href=\"https:\/\/www.kojsov.sk\/wp-content\/uploads\/2018\/07\/vyzva_DIpMS_kojsov.pdf\" class=\"mtli_attachment mtli_pdf\" target=\"_blank\" rel=\"noopener noreferrer\">V\u00fdzva na predlo\u017eenie ponuky.pdf (247kB)<\/a><\/p>\n<p><a href=\"https:\/\/www.kojsov.sk\/wp-content\/uploads\/2018\/10\/vyzva_DIpMS_kojsov_priloha1_2.pdf\" class=\"mtli_attachment mtli_pdf\" target=\"_blank\" rel=\"noopener noreferrer\">Pr\u00edlohe \u010d. 1 &#8211; 2 k v\u00fdzve na predlo\u017eenie ponuky.pdf (374kB)<\/a><br><a href=\"https:\/\/www.kojsov.sk\/wp-content\/uploads\/2018\/10\/vyzva_DIpMS_kojsov_priloha1_2.docx\" target=\"_blank\" rel=\"noopener noreferrer\">Pr\u00edlohe \u010d. 1 &#8211; 2 k v\u00fdzve na predlo\u017eenie ponuky.docx (16,2kB)<\/a><\/p>\n<p><a href=\"https:\/\/www.kojsov.sk\/wp-content\/uploads\/2018\/10\/vyzva_DIpMS_kojsov_priloha3.pdf\" class=\"mtli_attachment mtli_pdf\" target=\"_blank\" rel=\"noopener noreferrer\">Pr\u00edlohe \u010d. 3 k v\u00fdzve na predlo\u017eenie ponuky.pdf (232kB)<\/a><br><a href=\"https:\/\/www.kojsov.sk\/wp-content\/uploads\/2018\/10\/vyzva_DIpMS_kojsov_priloha3.xls\" target=\"_blank\" rel=\"noopener noreferrer\">Pr\u00edlohe \u010d. 3 k v\u00fdzve na predlo\u017eenie ponuky.xls (41,5kB)<\/a><\/p>","protected":false},"excerpt":{"rendered":"<p>Zverejnen\u00e9: 08.10.2018 S\u00fabory na stiahnutie: V\u00fdzva na predlo\u017eenie ponuky.pdf (247kB) Pr\u00edlohe \u010d. 1 &#8211; 2 k v\u00fdzve na predlo\u017eenie ponuky.pdf (374kB)Pr\u00edlohe \u010d. 1 &#8211; 2 k v\u00fdzve na predlo\u017eenie ponuky.docx (16,2kB) Pr\u00edlohe \u010d. 3 k v\u00fdzve na predlo\u017eenie ponuky.pdf (232kB)Pr\u00edlohe \u010d. 3 k v\u00fdzve na predlo\u017eenie ponuky.xls (41,5kB)<\/p>\n","protected":false},"author":1,"featured_media":0,"parent":0,"menu_order":0,"comment_status":"closed","ping_status":"closed","template":"","meta":[],"_links":{"self":[{"href":"https:\/\/www.kojsov.sk\/index.php?rest_route=\/wp\/v2\/pages\/4215"}],"collection":[{"href":"https:\/\/www.kojsov.sk\/index.php?rest_route=\/wp\/v2\/pages"}],"about":[{"href":"https:\/\/www.kojsov.sk\/index.php?rest_route=\/wp\/v2\/types\/page"}],"author":[{"embeddable":true,"href":"https:\/\/www.kojsov.sk\/index.php?rest_route=\/wp\/v2\/users\/1"}],"replies":[{"embeddable":true,"href":"https:\/\/www.kojsov.sk\/index.php?rest_route=%2Fwp%2Fv2%2Fcomments&post=4215"}],"version-history":[{"count":6,"href":"https:\/\/www.kojsov.sk\/index.php?rest_route=\/wp\/v2\/pages\/4215\/revisions"}],"predecessor-version":[{"id":6568,"href":"https:\/\/www.kojsov.sk\/index.php?rest_route=\/wp\/v2\/pages\/4215\/revisions\/6568"}],"wp:attachment":[{"href":"https:\/\/www.kojsov.sk\/index.php?rest_route=%2Fwp%2Fv2%2Fmedia&parent=4215"}],"curies":[{"name":"wp","href":"https:\/\/api.w.org\/{rel}","templated":true}]}}