{"id":6697,"date":"2020-03-01T11:56:02","date_gmt":"2020-03-01T10:56:02","guid":{"rendered":"http:\/\/www.kojsov.sk\/?page_id=6697"},"modified":"2020-03-01T11:56:03","modified_gmt":"2020-03-01T10:56:03","slug":"vysledky-volieb-do-nr-sr-2020-v-obci-kojsov","status":"publish","type":"page","link":"https:\/\/www.kojsov.sk\/?page_id=6697","title":{"rendered":"V\u00fdsledky volieb do NR SR 2020 v obci Koj\u0161ov"},"content":{"rendered":"\n<p><strong>Okrskov\u00e1 volebn\u00e1 komisia zistila tieto v\u00fdsledky<\/strong><\/p>\n\n\n[table \"72\" not found \/]<br \/>\n\n\n\n\n<p><strong>Po\u010det platn\u00fdch hlasov odovzdan\u00fdch pre ka\u017ed\u00fa politick\u00fa stranu, politick\u00e9 hnutie alebo koal\u00edciu<\/strong><\/p>\n\n\n[table \"71\" not found \/]<br \/>\n\n","protected":false},"excerpt":{"rendered":"<p>Okrskov\u00e1 volebn\u00e1 komisia zistila tieto v\u00fdsledky Po\u010det platn\u00fdch hlasov odovzdan\u00fdch pre ka\u017ed\u00fa politick\u00fa stranu, politick\u00e9 hnutie alebo koal\u00edciu<\/p>\n","protected":false},"author":1,"featured_media":0,"parent":0,"menu_order":0,"comment_status":"closed","ping_status":"closed","template":"","meta":[],"_links":{"self":[{"href":"https:\/\/www.kojsov.sk\/index.php?rest_route=\/wp\/v2\/pages\/6697"}],"collection":[{"href":"https:\/\/www.kojsov.sk\/index.php?rest_route=\/wp\/v2\/pages"}],"about":[{"href":"https:\/\/www.kojsov.sk\/index.php?rest_route=\/wp\/v2\/types\/page"}],"author":[{"embeddable":true,"href":"https:\/\/www.kojsov.sk\/index.php?rest_route=\/wp\/v2\/users\/1"}],"replies":[{"embeddable":true,"href":"https:\/\/www.kojsov.sk\/index.php?rest_route=%2Fwp%2Fv2%2Fcomments&post=6697"}],"version-history":[{"count":1,"href":"https:\/\/www.kojsov.sk\/index.php?rest_route=\/wp\/v2\/pages\/6697\/revisions"}],"predecessor-version":[{"id":6698,"href":"https:\/\/www.kojsov.sk\/index.php?rest_route=\/wp\/v2\/pages\/6697\/revisions\/6698"}],"wp:attachment":[{"href":"https:\/\/www.kojsov.sk\/index.php?rest_route=%2Fwp%2Fv2%2Fmedia&parent=6697"}],"curies":[{"name":"wp","href":"https:\/\/api.w.org\/{rel}","templated":true}]}}