{"id":7489,"date":"2022-06-16T21:35:19","date_gmt":"2022-06-16T20:35:19","guid":{"rendered":"https:\/\/www.kojsov.sk\/?page_id=7489"},"modified":"2022-09-19T22:54:46","modified_gmt":"2022-09-19T21:54:46","slug":"2022-2","status":"publish","type":"page","link":"https:\/\/www.kojsov.sk\/?page_id=7489","title":{"rendered":"2022"},"content":{"rendered":"\n<h3><a href=\"https:\/\/www.kojsov.sk\/?page_id=7487\"><strong>Vo\u013eby do org\u00e1nov samospr\u00e1vnych krajov<\/strong><\/a><\/h3>\n\n\n\n<h3><strong><a href=\"https:\/\/www.kojsov.sk\/?page_id=7485\">Vo\u013eby do org\u00e1nov samospr\u00e1vy obc\u00ed<\/a><\/strong><\/h3>\n\n\n\n<p><\/p>\n","protected":false},"excerpt":{"rendered":"<p>Vo\u013eby do org\u00e1nov samospr\u00e1vnych krajov Vo\u013eby do org\u00e1nov samospr\u00e1vy obc\u00ed<\/p>\n","protected":false},"author":1,"featured_media":0,"parent":0,"menu_order":0,"comment_status":"closed","ping_status":"closed","template":"","meta":[],"_links":{"self":[{"href":"https:\/\/www.kojsov.sk\/index.php?rest_route=\/wp\/v2\/pages\/7489"}],"collection":[{"href":"https:\/\/www.kojsov.sk\/index.php?rest_route=\/wp\/v2\/pages"}],"about":[{"href":"https:\/\/www.kojsov.sk\/index.php?rest_route=\/wp\/v2\/types\/page"}],"author":[{"embeddable":true,"href":"https:\/\/www.kojsov.sk\/index.php?rest_route=\/wp\/v2\/users\/1"}],"replies":[{"embeddable":true,"href":"https:\/\/www.kojsov.sk\/index.php?rest_route=%2Fwp%2Fv2%2Fcomments&post=7489"}],"version-history":[{"count":3,"href":"https:\/\/www.kojsov.sk\/index.php?rest_route=\/wp\/v2\/pages\/7489\/revisions"}],"predecessor-version":[{"id":7795,"href":"https:\/\/www.kojsov.sk\/index.php?rest_route=\/wp\/v2\/pages\/7489\/revisions\/7795"}],"wp:attachment":[{"href":"https:\/\/www.kojsov.sk\/index.php?rest_route=%2Fwp%2Fv2%2Fmedia&parent=7489"}],"curies":[{"name":"wp","href":"https:\/\/api.w.org\/{rel}","templated":true}]}}