{"id":75,"date":"2013-04-27T21:55:10","date_gmt":"2013-04-27T19:55:10","guid":{"rendered":"http:\/\/www.new.kojsov.sk\/?page_id=75"},"modified":"2013-09-14T18:12:41","modified_gmt":"2013-09-14T16:12:41","slug":"pravoslavna-cirkev","status":"publish","type":"page","link":"https:\/\/www.kojsov.sk\/?page_id=75","title":{"rendered":"Pravosl\u00e1vna cirkev"},"content":{"rendered":"<h3><strong>Hist\u00f3ria Pravosl\u00e1vnej cirkevnej obce v Koj\u0161ove<\/strong><\/h3>\n<p>Na\u0161a cirkev m\u00e1 na na\u0161om \u00fazem\u00ed po\u010diatky u\u017e u Cyrila a Metoda. Je priamou nosite\u013ekou a pokra\u010dovate\u013ekou ich trad\u00edcie, v plnosti zachov\u00e1va a chr\u00e1ni u\u010denie ktor\u00e9 n\u00e1m priniesli sv\u00e4t\u00ed bratia v r.863 a ktor\u00ed tu zorganizovali \u017eivot Cirkvi. Aj ke\u010f po smrti sv. Metoda r.885 boli \u017eiaci sv. bratov z Ve\u013ekej Moravy vyhnan\u00ed, cyrilometodsk\u00e9 kres\u0165anstvo na Slovensku nezaniklo.<\/p>\n<p><img loading=\"lazy\" class=\"alignleft size-thumbnail wp-image-279\" alt=\"KONICA MINOLTA DIGITAL CAMERA\" src=\"http:\/\/www.new.kojsov.sk\/wp-content\/uploads\/2013\/04\/pravoslav1-150x150.jpg\" width=\"150\" height=\"150\" \/>Slovansk\u00e9 etnikum si v karpatskej kotline zachovalo p\u00f4vodn\u00fa vieru a cyrilometodsk\u00fa trad\u00edciu, najm\u00e4 na v\u00fdchodnom Slovensku a v Podkarpatskej Rusi. V \u010dase vala\u0161skej koliniz\u00e1cie na \u00fazem\u00ed Slovenska po\u010det pravosl\u00e1vnych veriacich vzr\u00e1stol a cirkev sa posilnila.<br \/>\nVe\u013ek\u00e9 naru\u0161enie duchovn\u00e9ho \u017eivota na\u0161ich veriacich nastalo, ke\u010f z mocensk\u00fdch a politick\u00fdch pohn\u00fatok administrat\u00edvne a fyzicky bola od roku 1649 zav\u00e1dzan\u00e1 \u00fania, nesk\u00f4r pomenovan\u00e1 gr\u00e9ckokatol\u00edcka cirkev.<br \/>\nAj napriek tomu si na\u0161i prarodi\u010dia zachovali svoje trad\u00edcie a vieru. \u010ciasto\u010dne pravosl\u00e1vie \u017eilo v n\u00e1rode aj na strednom a z\u00e1padnom Slovensku v\u010faka historikom, n\u00e1rodn\u00fdm budite\u013eom a kult\u00farnym pracovn\u00edkom. Koncom 19. a za\u010diatkom 20. Storo\u010dia na \u00fazem\u00ed najm\u00e4 v\u00fdchodn\u00e9ho Slovenska vznikaj\u00fa snahy o ofici\u00e1lny n\u00e1vrat \u00faniou zjednoten\u00fdch v\u00fdchodn\u00fdch kres\u0165anov do pravosl\u00e1vnej Cirkvi. Na Slovensko sa z Ameriky a \u010diasto\u010dne aj z Ruska vracaj\u00fa vys\u0165ahovalci. Od vzniku \u010ceskoslovenska pravosl\u00e1vne hnutie na Slovensku zvl\u00e1\u0161\u0165 vzr\u00e1stlo.<br \/>\nV roku 1950 komunistick\u00e1 \u0161t\u00e1tna moc z politick\u00fdch pr\u00ed\u010din \u00faplne zlikvidovala gr\u00e9ckokatol\u00edcku cirkev. V\u00e4\u010d\u0161ia \u010das\u0165 gr\u00e9ckokatol\u00edkov prest\u00fapila do pravosl\u00e1vnej Cirkvi. V roku 1968 bola obnoven\u00e1 \u010dinnos\u0165 gr\u00e9ckokatol\u00edckej cirkvi, a tak mnoh\u00ed veriaci byzantsk\u00e9ho obradu sa op\u00e4\u0165 vr\u00e1tili do gr\u00e9ckokatol\u00edckej cirkvi.<br \/>\nV roku 1990 po p\u00e1de socialistick\u00e9ho re\u017eimu nast\u00e1va vo v\u00edre politick\u00fdch udalost\u00ed spor gr\u00e9ckokatol\u00edkov a pravosl\u00e1vnej Cirkvi o majetok. Predsedn\u00edctvo Slovenskej n\u00e1rodnej rady d\u0148a 29.m\u00e1ja 1990 vydalo Z\u00e1konn\u00e9 opatrenie, pod\u013ea ktor\u00e9ho v\u0161etok majetok, ktor\u00fd bol ku d\u0148u 28.apr\u00edla 1950 majetkom gr\u00e9ckokatol\u00edckej cirkvi a teraz je majetkom pravosl\u00e1vnej Cirkvi, sa t\u00fdmto d\u0148om st\u00e1va op\u00e4tovne majetkom gr\u00e9ckokatol\u00edckej cirkvi. Pravosl\u00e1vna cirkev t\u00fdmto rozhodnut\u00edm stratila 80% svojich nehnute\u013enost\u00ed, ktor\u00e9 do roku 1990 u\u017e\u00edvala. Medzi cirkvami nastali ve\u013ek\u00e9 nezhody. \u0160t\u00e1tna spr\u00e1va v snahe vyrie\u0161i\u0165 krivdy, ktor\u00e9 boli jej rozhodnut\u00edm uroben\u00e9 na obidvoch cirkvach, pomohla finan\u010dn\u00fdmi dot\u00e1ciami zmierni\u0165 t\u00fato situ\u00e1ciu. Pravosl\u00e1vna cirkev napriek tomu v\u0161etk\u00e9mu buduje popri nov\u00fdch chr\u00e1moch a farsk\u00fdch budov\u00e1ch aj cirkevn\u00e9 \u0161kolstvo a charitu.<\/p>\n<p><img loading=\"lazy\" class=\"alignright size-thumbnail wp-image-280\" alt=\"OLYMPUS DIGITAL CAMERA\" src=\"http:\/\/www.new.kojsov.sk\/wp-content\/uploads\/2013\/04\/pravoslav2-120x150.jpg\" width=\"120\" height=\"150\" \/>Po\u010diatok Pravosl\u00e1via v Koj\u0161ove m\u00f4\u017eeme ofici\u00e1lne datova\u0165 rokom 1953, kedy za\u010dal sl\u00fa\u017ei\u0165 sv. bohoslu\u017eby d.o. \u0160tefan Balog. Doch\u00e1dzal z Gelnice, kde b\u00fdval. E\u0161te predt\u00fdm bol prv\u00fdm pravosl\u00e1vnym k\u0148azom na farnosti d. o. Viktor Michali\u010d, ktor\u00fd v Koj\u0161ove sl\u00fa\u017eil 27 rokov ako gr\u00e9ckokatol\u00edcky k\u0148az. V p\u00e4\u0165desiatych rokoch minul\u00e9ho storo\u010dia prest\u00fapil spolu z drvivou v\u00e4\u010d\u0161inou Koj\u0161ov\u010danov na sv. Pravosl\u00e1vie a nesk\u00f4r sa stal prv\u00fdm slovensk\u00fdm pravosl\u00e1vnym biskupom na Slovensku (michalovsk\u00e1 eparchia). Prijal mn\u00ed\u0161ske meno Alexander. Zomrel 25. 11. 1954 v Pre\u0161ove. \u010eal\u0161\u00edmi spr\u00e1vcami pravosl\u00e1vnej farnosti Koj\u0161ov boli: d. o. Sliv\u00e1rik (1957), d. o. Mgr. Vasi\u013e \u0160uliman, d. o. ThDr. Michal Olexa (1960 \u2013 1961), d. o. Mgr. Juraj Lovi\u010d (1961 \u2013 1968). Do roku 1968 pravosl\u00e1vny veriaci sl\u00fa\u017eili sv. bohoslu\u017eby v p\u00f4vodnom chr\u00e1me (dnes gr\u00e9ckokatol\u00edcky). Gr\u00e9ckokatol\u00edcky veriaci, ktor\u00ed ostali uniatmi, konali bohoslu\u017eby 18 rokov na cintor\u00edne v kaplnke. Modlili sa sami alebo za pr\u00edtomnosti svojho duchovn\u00e9ho. V\u0161etko v tajnosti, lebo do roku 1968 bola \u010dinnos\u0165 gr\u00e9ckokatol\u00edckej c\u00edrkvi zak\u00e1zan\u00e1.<br \/>\nZmena nastala v roku 1968, kedy sa pravosl\u00e1vni veriaci museli vzda\u0165 farskej budovy a chr\u00e1mu v prospech znovuobnovenej gr\u00e9ckokatol\u00edckej farnosti Koj\u0161ov. V t\u00fdchto b\u00farliv\u00fdch rokoch pravosl\u00e1vne bohoslu\u017eby sa v Koj\u0161ove nekonali (asi 2 roky). Na\u0161i veriaci sa modlili pred gr\u00e9ckokatol\u00edckym chr\u00e1mom.<br \/>\n23. j\u00fala 1970 za pr\u00edtomnosti z\u00e1stupcov oboch cirkv\u00ed: za gr.kat. cirkev \u2013 Dr. \u0160tefan Ujhelyi, tajomn\u00edk ordinari\u00e1tu, Emil Zorvan, dekan, J\u00falius Zachari\u00e1\u0161, spr\u00e1vca farnosti Koj\u0161ov za pravos. Cirkev \u2013 Peter Spi\u0161\u00e1k, riadite\u013e ER, Michal Olexa, predseda MO, Vasi\u013e \u0160uliman, administr\u00e1tor, bola uzavret\u00e1 dohoda o spoluu\u017e\u00edvan\u00ed gr\u00e9ckokatol\u00edckeho chr\u00e1mu v Koj\u0161ove. T\u00e1to dohoda platila do roku 1990. Za pou\u017e\u00edvanie chr\u00e1mu pravosl\u00e1vnou farnos\u0165ou sa platilo 30 K\u010ds (za ka\u017ed\u00fa nede\u013eu), 20 K\u010ds za bohoslu\u017eby po\u010das t\u00fd\u017ed\u0148a.<\/p>\n<p><img loading=\"lazy\" class=\"alignleft size-thumbnail wp-image-281\" alt=\"pravoslav3\" src=\"http:\/\/www.new.kojsov.sk\/wp-content\/uploads\/2013\/04\/pravoslav3-124x150.jpg\" width=\"124\" height=\"150\" \/>V 1972 bol za spr\u00e1vcu farnosti ustanoven\u00fd d. o. Mgr. Michal Kop\u010d\u00edk, ktor\u00fd viedol farnos\u0165 do marca 1991. (Doch\u00e1dzal z Pre\u0161ova.)<br \/>\nV roku 1990 pravosl\u00e1vni veriaci stratili mo\u017enos\u0165 sl\u00fa\u017ei\u0165 bohoslu\u017eby v gr\u00e9ckokatol\u00edckom chr\u00e1me. Na sviatok sv. proroka Eli\u00e1\u0161a sa sv. liturgia konala pred dverami chr\u00e1mu. Potom sa bohoslu\u017eby konali v priestoroch obecn\u00e9ho \u00faradu do r. 1991. Na sviatok Nanebovst\u00fapenia P\u00e1na v 1991 sa sl\u00fa\u017eilo prv\u00fdkr\u00e1t v modlitebni zak\u00fapenej na bohoslu\u017eobn\u00e9 \u00fa\u010dely, \u010d. d. 169. Pravosl\u00e1vni veriaci sa st\u00e1vali ter\u010dom slovn\u00fdch alebo fyzick\u00fdch \u00fatokov zo strany gr\u00e9ckokatol\u00edkov. V tomto obdob\u00ed patrila pravosl\u00e1vna farnos\u0165 v Koj\u0161ove pod pravosl\u00e1vnu farnos\u0165 Slovinky ako fili\u00e1lka. Doch\u00e1dzali tu<br \/>\nd. o.: Mgr. Juraj Halanda (do r. 1992) a Mgr. Jozef Haver\u010d\u00e1k (1992 \u2013 97).<br \/>\nV roku 1995 sa za\u010dalo s v\u00fdstavbou pravosl\u00e1vneho chr\u00e1mu. Pravosl\u00e1vna cirkevn\u00e1 obec Koj\u0161ov mala vlastn\u00e9ho spr\u00e1vcu d. o. Mgr. Lakatu z Pre\u0161ova (1997 \u2013 99). Po \u0148om tu p\u00f4sobili Mgr. Juraj Lovi\u010d (1999 &#8211; 2002) a Mgr. J\u00e1n Kochan\u00edk (do septembra 2003).<br \/>\nV r. 1999 sa za\u010dalo sl\u00fa\u017ei\u0165 v novom chr\u00e1me. Chr\u00e1m bol vysv\u00e4ten\u00ed<br \/>\n1. 10. 2000 bla\u017eenej\u0161\u00edm metropolitom Nikolajom. Je zasv\u00e4ten\u00ed sv. apo\u0161tolom Petrovi a Pavlovi.<br \/>\nOd 15. decembra 2003 v PCO Koj\u0161ov p\u00f4sob\u00ed d. o. Mgr. Jozef Nem\u010d\u00edk, PhD. Od 1. 10. 2004 tu spr\u00e1vca farnosti aj b\u00fdva. Zatia\u013e len v prenajatom dome.<br \/>\nS\u00fa\u010dasn\u00fd po\u010det veriacich: 42<br \/>\nV r. 1990 v Koj\u0161ove b\u00fdvalo 885 obyvate\u013eov, z toho 80 pravosl\u00e1vnych veriacich. Po\u010das p\u00f4sobenia d. o. Mgr. J. Lovi\u010da PCO Koj\u0161ov mala 284 veriacich.<\/p>\n<p>Kontakt:<\/p>\n","protected":false},"excerpt":{"rendered":"<p>Hist\u00f3ria Pravosl\u00e1vnej cirkevnej obce v Koj\u0161ove Na\u0161a cirkev m\u00e1 na na\u0161om \u00fazem\u00ed po\u010diatky u\u017e u Cyrila a Metoda. Je priamou nosite\u013ekou a pokra\u010dovate\u013ekou ich trad\u00edcie, v plnosti zachov\u00e1va a chr\u00e1ni u\u010denie ktor\u00e9 n\u00e1m priniesli sv\u00e4t\u00ed bratia v r.863 a ktor\u00ed tu zorganizovali \u017eivot Cirkvi. Aj ke\u010f po smrti sv. Metoda r.885 boli \u017eiaci sv. bratov &hellip; <\/p>\n<p><a class=\"more-link btn\" href=\"https:\/\/www.kojsov.sk\/?page_id=75\">Chcem vedie\u0165 viac<\/a><\/p>\n","protected":false},"author":1,"featured_media":0,"parent":0,"menu_order":0,"comment_status":"closed","ping_status":"closed","template":"","meta":[],"_links":{"self":[{"href":"https:\/\/www.kojsov.sk\/index.php?rest_route=\/wp\/v2\/pages\/75"}],"collection":[{"href":"https:\/\/www.kojsov.sk\/index.php?rest_route=\/wp\/v2\/pages"}],"about":[{"href":"https:\/\/www.kojsov.sk\/index.php?rest_route=\/wp\/v2\/types\/page"}],"author":[{"embeddable":true,"href":"https:\/\/www.kojsov.sk\/index.php?rest_route=\/wp\/v2\/users\/1"}],"replies":[{"embeddable":true,"href":"https:\/\/www.kojsov.sk\/index.php?rest_route=%2Fwp%2Fv2%2Fcomments&post=75"}],"version-history":[{"count":5,"href":"https:\/\/www.kojsov.sk\/index.php?rest_route=\/wp\/v2\/pages\/75\/revisions"}],"predecessor-version":[{"id":582,"href":"https:\/\/www.kojsov.sk\/index.php?rest_route=\/wp\/v2\/pages\/75\/revisions\/582"}],"wp:attachment":[{"href":"https:\/\/www.kojsov.sk\/index.php?rest_route=%2Fwp%2Fv2%2Fmedia&parent=75"}],"curies":[{"name":"wp","href":"https:\/\/api.w.org\/{rel}","templated":true}]}}