{"id":7814,"date":"2023-01-05T15:06:17","date_gmt":"2023-01-05T14:06:17","guid":{"rendered":"https:\/\/www.kojsov.sk\/?page_id=7814"},"modified":"2026-03-31T10:14:42","modified_gmt":"2026-03-31T08:14:42","slug":"stavebny-urad-2","status":"publish","type":"page","link":"https:\/\/www.kojsov.sk\/?page_id=7814","title":{"rendered":"Stavebn\u00fd \u00farad"},"content":{"rendered":"\n<p>Obec  Koj\u0161ov<br>Stavebn\u00fd \u00farad<br>Koj\u0161ov 3<br>055 52 Koj\u0161ov<\/p>\n\n\n\n<h2>\u010co m\u00f4\u017eete vybavi\u0165 na&nbsp;stavebnom \u00farade<\/h2>\n\n\n\n<ul><li>vydanie \u00fazemn\u00e9ho rozhodnutia,<\/li><li>vydanie stavebn\u00e9ho povolenia,<\/li><li>vydanie kolauda\u010dn\u00e9ho rozhodnutia,<\/li><li>vydanie rozhodnutia o&nbsp;zmene \u00fa\u010delu vyu\u017eitia stavby,<\/li><li>vydanie rozhodnutia o&nbsp;zmene stavby pred dokon\u010den\u00edm,<\/li><li>povolenie ter\u00e9nnych \u00faprav, reklamn\u00fdch a&nbsp;propaga\u010dn\u00fdch zariaden\u00ed,<\/li><li>ohl\u00e1senie drobnej stavby,<\/li><li>ohl\u00e1senie stavebn\u00fdch \u00faprav,<\/li><li>vydanie z\u00e1v\u00e4zn\u00e9ho stanoviska pre \u0161peci\u00e1lne stavebn\u00e9 \u00farady,<\/li><li>vydanie s\u00fapisn\u00e9ho \u010d\u00edsla.<\/li><\/ul>\n\n\n\n<h3>Stavebn\u00fd \u00farad Koj\u0161ov&nbsp;na&nbsp;\u00faseku \u00fazemn\u00e9ho rozhodovania a&nbsp;stavebn\u00e9ho poriadku vykon\u00e1va nasleduj\u00facu \u010dinnos\u0165<\/h3>\n\n\n\n<h4>1.1 Z\u00e1kladn\u00e9 ustanovenia<\/h4>\n\n\n\n<p>V zmysle platnej legislat\u00edvy pod\u013ea z\u00e1kona \u010d.&nbsp;416\/2001 Z.z. o&nbsp;prechode niektor\u00fdch p\u00f4sobnost\u00ed z&nbsp;org\u00e1nov \u0161t\u00e1tnej spr\u00e1vy na&nbsp;obce a&nbsp;na&nbsp;vy\u0161\u0161ie \u00fazemn\u00e9 celky, ktor\u00fdm sa novelizoval z\u00e1kon \u010d.&nbsp;50\/1976 Zb. o&nbsp;\u00fazemnom pl\u00e1novan\u00ed a&nbsp;stavebnom poriadku (stavebn\u00fd z\u00e1kon) v&nbsp;znen\u00ed neskor\u0161\u00edch predpisov, z\u00e1kona \u010d.&nbsp;369\/1990 Zb. o&nbsp;obecnom zriaden\u00ed v&nbsp;znen\u00ed neskor\u0161\u00edch predpisov a&nbsp;z\u00e1kona \u010d.&nbsp;222\/1996 Z.z. o&nbsp;organiz\u00e1cii miestnej \u0161t\u00e1tnej spr\u00e1vy, pod\u013ea ktor\u00fdch<\/p>\n\n\n\n<ul><li>s \u00fa\u010dinnos\u0165ou od&nbsp;1.&nbsp;1.&nbsp;2003&nbsp;je stavebn\u00fdm \u00faradom obec,<\/li><li>p\u00f4sobnos\u0165 stavebn\u00e9ho \u00faradu je prenesen\u00fdm v\u00fdkonom \u0161t\u00e1tnej spr\u00e1vy,<\/li><li>obce sa m\u00f4\u017eu dohodn\u00fa\u0165 na&nbsp;spolupr\u00e1ci a&nbsp;zriadi\u0165 spolo\u010dn\u00fd obecn\u00fd \u00farad na&nbsp;z\u00e1klade zmluvy.<\/li><\/ul>\n\n\n\n<h4>1.2 V\u00fdkon \u010dinnost\u00ed obce ako stavebn\u00e9ho \u00faradu<\/h4>\n\n\n\n<p>Obec pri v\u00fdkone \u010dinnost\u00ed stavebn\u00e9ho \u00faradu pod\u013ea z\u00e1kona \u010d.&nbsp;50\/1976 Zb. o&nbsp;\u00fazemnom pl\u00e1novan\u00ed a&nbsp;stavebnom poriadku (stavebn\u00fd z\u00e1kon) v&nbsp;znen\u00ed neskor\u0161\u00edch predpisov vykon\u00e1va nasledovn\u00e9 \u010dinnosti:<\/p>\n\n\n\n<ul><li>rozhodovaciu \u010dinnos\u0165 vr\u00e1tane ukladania sankci\u00ed,<\/li><li>\u0161t\u00e1tny stavebn\u00fd doh\u013ead,<\/li><li>eviden\u010dn\u00fa \u010dinnos\u0165 a&nbsp;poskytovanie inform\u00e1ci\u00ed do&nbsp;informa\u010dn\u00e9ho syst\u00e9mu.<\/li><\/ul>\n\n\n\n<p>\u010eal\u0161ie s\u00favisiace \u010dinnosti:<\/p>\n\n\n\n<ul><li>pre\u0161etrovanie pet\u00edci\u00ed a&nbsp;s\u0165a\u017enost\u00ed,<\/li><li>v\u00fdkon rozhodnut\u00ed pod\u013ea z\u00e1kona o&nbsp;spr\u00e1vnom konan\u00ed,<\/li><li>rozhodovanie o&nbsp;opravn\u00fdch prostriedkoch,<\/li><li>spravodajsk\u00fa \u010dinnos\u0165 pod\u013ea pr\u00edslu\u0161n\u00fdch z\u00e1konov a&nbsp;vyhl\u00e1\u0161ok o&nbsp;\u0161t\u00e1tnej \u0161tatistike.<\/li><\/ul>\n\n\n\n<h4>1.3 Rozhodovacia \u010dinnos\u0165 obce ako stavebn\u00e9ho \u00faradu vr\u00e1tane ukladania sankci\u00ed<\/h4>\n\n\n\n<p>V s\u00falade s&nbsp;platn\u00fdmi pr\u00e1vnymi predpismi obec pri rozhodovan\u00ed pod\u013ea stavebn\u00e9ho z\u00e1kona vykon\u00e1va najm\u00e4 nasledovn\u00e9 \u010dinnosti:<\/p>\n\n\n\n<ol><li>vedie \u00fazemn\u00e9 konanie (okrem \u00fazemia vojensk\u00fdch obvodov) a&nbsp;vyd\u00e1va \u00fazemn\u00e9 rozhodnutia pod\u013ea \u00a7 32&nbsp;a\u017e&nbsp;42&nbsp;stavebn\u00e9ho z\u00e1kona:<br>a) rozhodnutie o&nbsp;umiestnen\u00ed stavby,<br>b) rozhodnutie o&nbsp;vyu\u017eit\u00ed \u00fazemia,<br>c) rozhodnutie o&nbsp;chr\u00e1nenej \u010dasti krajiny (o chr\u00e1nenom \u00fazem\u00ed alebo o&nbsp;ochrannom p\u00e1sme),<br>d) rozhodnutie o&nbsp;stavebnej uz\u00e1vere,<\/li><li>povo\u013euje drobn\u00e9 stavby, stavebn\u00e9 \u00fapravy, udr\u017eiavacie pr\u00e1ce a&nbsp;vybran\u00e9 telekomunika\u010dn\u00e9 stavby na&nbsp;z\u00e1klade ohl\u00e1senia pod\u013ea \u00a7 55&nbsp;ods. 2&nbsp;a&nbsp;\u00a7 57&nbsp;stavebn\u00e9ho z\u00e1kona,<\/li><li>vedie stavebn\u00e9 konanie a&nbsp;vyd\u00e1va stavebn\u00e9 povolenie na&nbsp;stavby a&nbsp;ich zmeny pod\u013ea \u00a7 54&nbsp;a\u017e&nbsp;70&nbsp;stavebn\u00e9ho z\u00e1kona, s&nbsp;v\u00fdnimkou stavieb spadaj\u00facich do&nbsp;kompetencie \u0161peci\u00e1lnych stavebn\u00fdch \u00faradov pod\u013ea \u00a7 120&nbsp;stavebn\u00e9ho z\u00e1kona a&nbsp;vojensk\u00fdch a&nbsp;in\u00fdch stavebn\u00fdch \u00faradov pod\u013ea \u00a7 121&nbsp;stavebn\u00e9ho z\u00e1kona,<\/li><li>povo\u013euje v&nbsp;od\u00f4vodnen\u00fdch pr\u00edpadoch na&nbsp;\u017eiados\u0165 stavebn\u00edka zmenu stavby e\u0161te pred jej dokon\u010den\u00edm pod\u013ea \u00a7 68&nbsp;stavebn\u00e9ho z\u00e1kona,<\/li><li>povo\u013euje ter\u00e9nne \u00fapravy a&nbsp;informa\u010dn\u00e9, reklamn\u00e9 a&nbsp;propaga\u010dn\u00e9 zariadenia pod\u013ea \u00a7 71&nbsp;a\u017e&nbsp;73&nbsp;stavebn\u00e9ho z\u00e1kona,<\/li><li>vedie kolauda\u010dn\u00e9 konanie a&nbsp;vyd\u00e1va kolauda\u010dn\u00e9 rozhodnutie na&nbsp;stavby, na&nbsp;ktor\u00e9 vydal stavebn\u00e9 povolenie pod\u013ea \u00a7 76&nbsp;a\u017e&nbsp;82&nbsp;stavebn\u00e9ho z\u00e1kona,<\/li><li>vyd\u00e1va povolenie na&nbsp;pred\u010dasn\u00e9 u\u017e\u00edvanie stavby pod\u013ea \u00a7 83&nbsp;stavebn\u00e9ho z\u00e1kona,<\/li><li>rozhoduje o&nbsp;do\u010dasnom u\u017e\u00edvan\u00ed stavby na&nbsp;sk\u00fa\u0161obn\u00fa prev\u00e1dzku pod\u013ea \u00a7 84&nbsp;stavebn\u00e9ho z\u00e1kona,<\/li><li>rozhoduje o&nbsp;zmene v&nbsp;u\u017e\u00edvan\u00ed stavby pod\u013ea \u00a7 85&nbsp;stavebn\u00e9ho z\u00e1kona,<\/li><li>naria\u010fuje \u00fadr\u017ebu stavby, ter\u00e9nnych \u00faprav a&nbsp;zariaden\u00ed; naria\u010fuje nevyhnutn\u00e9 \u00fapravy na&nbsp;stavbe alebo na&nbsp;stavebnom pozemku pod\u013ea \u00a7 86&nbsp;a&nbsp;\u00a7 87&nbsp;stavebn\u00e9ho z\u00e1kona,<\/li><li>povo\u013euje alebo naria\u010fuje odstr\u00e1nenie stavieb a&nbsp;ich zmien, ter\u00e9nnych \u00faprav a&nbsp;zariaden\u00ed; rozhoduje o&nbsp;dodato\u010dnom povolen\u00ed stavby pod\u013ea \u00a7 88&nbsp;a\u017e&nbsp;93&nbsp;stavebn\u00e9ho z\u00e1kona,<\/li><li>naria\u010fuje vykonanie neodkladn\u00fdch zabezpe\u010dovac\u00edch pr\u00e1c pod\u013ea \u00a7 94&nbsp;stavebn\u00e9ho z\u00e1kona<\/li><li>rozhoduje o&nbsp;vypratan\u00ed stavby pod\u013ea \u00a7 96&nbsp;stavebn\u00e9ho z\u00e1kona,<\/li><li>rozhoduje o&nbsp;zastaven\u00ed pr\u00e1c na&nbsp;stavbe alebo o&nbsp;zru\u0161en\u00ed stavebn\u00e9ho povolenia pod\u013ea \u00a7 102&nbsp;ods. 2, 3&nbsp;a&nbsp;4&nbsp;stavebn\u00e9ho z\u00e1kona,<\/li><li>naria\u010fuje obstaranie dokument\u00e1cie skuto\u010dn\u00e9ho realizovania stavby alebo zjednodu\u0161enej dokument\u00e1cie pod\u013ea \u00a7 104&nbsp;stavebn\u00e9ho z\u00e1kona,<\/li><li>prerok\u00fava priestupky fyzick\u00fdch os\u00f4b a&nbsp;spr\u00e1vne delikty pr\u00e1vnick\u00fdch os\u00f4b a&nbsp;fyzick\u00fdch os\u00f4b opr\u00e1vnen\u00fdch na&nbsp;podnikanie a&nbsp;uklad\u00e1 sankcie pod\u013ea \u00a7 105&nbsp;a\u017e&nbsp;107&nbsp;stavebn\u00e9ho z\u00e1kona,<\/li><li>vyd\u00e1va s\u00fahlas k&nbsp;povoleniu stavby \u0161peci\u00e1lnym stavebn\u00fdm \u00faradom pod\u013ea \u00a7 120&nbsp;stavebn\u00e9ho z\u00e1kona,<\/li><li>rozhoduje o&nbsp;rozsahu opr\u00e1vnenia zamestnancov stavebn\u00fdch \u00faradov vstupova\u0165 na&nbsp;pozemky a&nbsp;stavby pod\u013ea \u00a7 134&nbsp;stavebn\u00e9ho z\u00e1kona ,<\/li><li>rozhoduje o&nbsp;opatreniach na&nbsp;susednom pozemku alebo stavbe pod\u013ea \u00a7 135&nbsp;stavebn\u00e9ho z\u00e1kona ,<\/li><li>vyd\u00e1va s\u00fahlas k&nbsp;povoleniu stavby \u0161peci\u00e1lnym stavebn\u00fdm \u00faradom pod\u013ea \u00a7 120&nbsp;stavebn\u00e9ho z\u00e1kona<\/li><\/ol>\n\n\n\n<h4>1.4 Vykon\u00e1vanie \u0161t\u00e1tneho stavebn\u00e9ho doh\u013eadu<\/h4>\n\n\n\n<p>Vykon\u00e1vanie \u0161t\u00e1tneho stavebn\u00e9ho doh\u013eadu zabezpe\u010duje org\u00e1n \u0161t\u00e1tneho stavebn\u00e9ho doh\u013eadu, ktor\u00fdmi s\u00fa poveren\u00ed pracovn\u00edci stavebn\u00e9ho \u00faradu pod\u013ea \u00a7 99&nbsp;p\u00edsm. a) stavebn\u00e9ho z\u00e1kona<\/p>\n\n\n\n<ol><li>org\u00e1n \u0161t\u00e1tneho stavebn\u00e9ho doh\u013eadu vykon\u00e1va \u0160SD pod\u013ea \u00a7 98&nbsp;a\u017e&nbsp;101&nbsp;a&nbsp;\u00a7 102&nbsp;ods. 1&nbsp;a&nbsp;5&nbsp;stavebn\u00e9ho z\u00e1kona.<\/li><li>org\u00e1n \u0161t\u00e1tneho stavebn\u00e9ho doh\u013eadu naria\u010fuje sk\u00fa\u0161ky stavby, odobratie a&nbsp;presk\u00fa\u0161anie vzoriek a&nbsp;prizvanie znalcov na&nbsp;pos\u00fadenie technicky n\u00e1ro\u010dn\u00fdch alebo neobvykl\u00fdch stavieb pod\u013ea \u00a7 101&nbsp;stavebn\u00e9ho z\u00e1kona,<\/li><li>org\u00e1n \u0161t\u00e1tneho stavebn\u00e9ho doh\u013eadu vyzve na&nbsp;urobenie n\u00e1pravy pod\u013ea \u00a7 102&nbsp;ods. 1&nbsp;a&nbsp;5&nbsp;stavebn\u00e9ho z\u00e1kona.<\/li><\/ol>\n\n\n\n<h4>1.5 Eviden\u010dn\u00e1 \u010dinnos\u0165 obce ako stavebn\u00e9ho \u00faradu<\/h4>\n\n\n\n<p>Obec ako stavebn\u00fd \u00farad je povinn\u00e1 vykon\u00e1va\u0165 eviden\u010dn\u00fa \u010dinnos\u0165 a&nbsp;poskytova\u0165 inform\u00e1cie do&nbsp;informa\u010dn\u00e9ho syst\u00e9mu v&nbsp;s\u00falade s&nbsp;\u00a7 130, 131&nbsp;a&nbsp;132&nbsp;stavebn\u00e9ho z\u00e1kona. Obec ako stavebn\u00fd \u00farad:<\/p>\n\n\n\n<ul><li>vedie evidenciu a&nbsp;uklad\u00e1 rozhodnutia, vr\u00e1tane v\u0161etk\u00fdch p\u00edsomnost\u00ed a&nbsp;in\u00fdch opatren\u00ed vypl\u00fdvaj\u00facich z&nbsp;\u010dinnosti stavebn\u00e9ho \u00faradu pod\u013ea \u00a7 131&nbsp;a&nbsp;132&nbsp;stavebn\u00e9ho z\u00e1kona.<\/li><\/ul>\n\n\n\n<h4>1.6 Poskytovanie inform\u00e1ci\u00ed do&nbsp;informa\u010dn\u00e9ho syst\u00e9mu<\/h4>\n\n\n\n<p>Obec ako stavebn\u00fd \u00farad je povinn\u00e1 vykon\u00e1va\u0165 eviden\u010dn\u00fa \u010dinnos\u0165 a&nbsp;poskytova\u0165 inform\u00e1cie do&nbsp;informa\u010dn\u00e9ho syst\u00e9mu v&nbsp;s\u00falade s&nbsp;\u00a7 130, 131&nbsp;a&nbsp;132&nbsp;stavebn\u00e9ho z\u00e1kona. Obec ako stavebn\u00fd \u00farad:<\/p>\n\n\n\n<ul><li>zabezpe\u010duje \u010dinnosti vypl\u00fdvaj\u00face z&nbsp;poskytovania inform\u00e1ci\u00ed do&nbsp;informa\u010dn\u00e9ho syst\u00e9mu o&nbsp;v\u00fdstavbe pod\u013ea 130&nbsp;ods. 5&nbsp;stavebn\u00e9ho z\u00e1kona,<\/li><\/ul>\n\n\n\n<h4>1.7 &nbsp;In\u00e9 s\u00favisiace \u010dinnosti<\/h4>\n\n\n\n<p>\u010cinnosti s\u00favisiace s&nbsp;\u010dinnos\u0165ou obce ako stavebn\u00e9ho \u00faradu:<\/p>\n\n\n\n<ul><li>pre\u0161etrovanie pet\u00edci\u00ed a&nbsp;s\u0165a\u017enost\u00ed,<\/li><li>zabezpe\u010denie v\u00fdkonu rozhodnut\u00ed pod\u013ea z\u00e1kona o&nbsp;spr\u00e1vnom konan\u00ed,<\/li><li>rozhodovanie o&nbsp;opravn\u00fdch prostriedkoch,<\/li><li>spravodajsk\u00e1 \u010dinnos\u0165 pod\u013ea z\u00e1kona \u010d.&nbsp;540\/2001 Z.z. o&nbsp;\u0161t\u00e1tnej \u0161tatistike a&nbsp;vyhl\u00e1\u0161ky \u0160tatistick\u00e9ho \u00faradu SR, ktorou sa vyhlasuje Program \u0161t\u00e1tnych \u0161tatistick\u00fdch zis\u0165ovan\u00ed na&nbsp;pr\u00edslu\u0161n\u00fd rok. \u2013 Pri v\u00fdkone \u010dinnosti stavebn\u00e9ho \u00faradu obec vyrubuje spr\u00e1vne poplatky pod\u013ea z\u00e1kona \u010d.&nbsp;145\/1995 Z.z. o&nbsp;spr\u00e1vnych poplatkoch v&nbsp;znen\u00ed neskor\u0161\u00edch predpisov.<\/li><\/ul>\n\n\n\n<p>a) Pre\u0161etrovanie pet\u00edci\u00ed a&nbsp;s\u0165a\u017enost\u00ed<\/p>\n\n\n\n<ul><li>obec pre\u0161etruje s\u0165a\u017enosti ob\u010danov a&nbsp;pr\u00e1vnick\u00fdch os\u00f4b s\u00favisiace s&nbsp;p\u00f4sobnos\u0165ou stavebn\u00e9ho \u00faradu pod\u013ea z\u00e1kona \u010d.&nbsp;152\/1998 Z.z. o&nbsp;s\u0165a\u017enostiach v&nbsp;rozsahu svojej p\u00f4sobnosti,<\/li><li>obec vybavuje pet\u00edcie ob\u010danov a&nbsp;pr\u00e1vnick\u00fdch os\u00f4b s\u00favisiace s&nbsp;p\u00f4sobnos\u0165ou stavebn\u00e9ho \u00faradu pod\u013ea z\u00e1kona \u010d.&nbsp;85\/1990 Zb. o&nbsp;peti\u010dnom pr\u00e1ve v&nbsp;rozsahu svojej p\u00f4sobnosti.<\/li><\/ul>\n\n\n\n<p>b) V\u00fdkon rozhodnut\u00ed pod\u013ea z\u00e1kona \u010d.&nbsp;71\/1967 Zb. o&nbsp;spr\u00e1vnom konan\u00ed (spr\u00e1vny poriadok) v&nbsp;znen\u00ed neskor\u0161\u00edch predpisov:<\/p>\n\n\n\n<ul><li>obec zabezpe\u010duje v\u00fdkon rozhodnutia, ktor\u00e9 vydala v&nbsp;prvom stupni ako stavebn\u00fd \u00farad, pod\u013ea \u00a7 71&nbsp;a&nbsp;nasl. spr\u00e1vneho poriadku.<\/li><\/ul>\n\n\n\n<p>c) V\u00fdkon \u0161t\u00e1tnej spr\u00e1vy pod\u013ea z\u00e1kona \u010d.&nbsp;71\/1967 Zb. o&nbsp;spr\u00e1vnom konan\u00ed (spr\u00e1vny poriadok) v&nbsp;znen\u00ed neskor\u0161\u00edch predpisov:<\/p>\n\n\n\n<ul><li>obec rozhoduje v&nbsp;autoremed\u00fare o&nbsp;odvolaniach proti rozhodnutiam, ktor\u00e9 vydala ako stavebn\u00fd \u00farad, pod\u013ea \u00a7 57&nbsp;ods. 1&nbsp;spr\u00e1vneho poriadku,<\/li><li>povo\u013euje alebo naria\u010fuje obnovu konania vo veciach, v&nbsp;ktor\u00fdch rozhodla v&nbsp;poslednom stupni ako stavebn\u00fd \u00farad, pod\u013ea \u00a7 63&nbsp;ods. 1&nbsp;spr\u00e1vneho poriadku,<\/li><li>rozhoduje o&nbsp;proteste prokur\u00e1tora podan\u00e9mu proti vlastn\u00fdm rozhodnutiam, ak mu vyhovie, pod\u013ea \u00a7 69&nbsp;ods. 1&nbsp;spr\u00e1vneho poriadku.<\/li><\/ul>\n\n\n\n<p>d) V\u00fdkon spravodajskej \u010dinnosti<\/p>\n\n\n\n<ul><li>obec ako stavebn\u00fd \u00farad pln\u00ed funkciu spravodajskej jednotky k&nbsp;\u0161tvr\u0165ro\u010dn\u00e9mu \u0161tatistick\u00e9mu v\u00fdkazu Inv 3-04 o&nbsp;za\u010dat\u00fdch, rozostavan\u00fdch a&nbsp;dokon\u010den\u00fdch bytoch v&nbsp;zmysle \u00a7 18&nbsp;z\u00e1kona \u010d.&nbsp;540\/2001 Z.z. o&nbsp;\u0161t\u00e1tnej \u0161tatistike v&nbsp;znen\u00ed neskor\u0161\u00edch predpisov. a&nbsp;vyhl\u00e1\u0161ky \u0160tatistick\u00e9ho \u00faradu SR, ktorou sa vyhlasuje Program \u0161t\u00e1tnych \u0161tatistick\u00fdch zis\u0165ovan\u00ed na&nbsp;pr\u00edslu\u0161n\u00fd rok, ktor\u00e1 sa uverej\u0148uje v&nbsp;Zbierke z\u00e1konov SR.<\/li><\/ul>\n\n\n\n<h2>Tla\u010div\u00e1 pre stavebn\u00fd \u00farad:<\/h2>\n\n\n\n<figure class=\"wp-block-table\"><table><tbody><tr><td><a href=\"https:\/\/www.kojsov.sk\/wp-content\/uploads\/2026\/03\/Ziadost-o-vydanie-rozhodnutia-o-stavebnom-zamere-par50-1.pdf\" class=\"mtli_attachment mtli_pdf\">\u017diados\u0165 o vydanie rozhodnutia<\/a><\/td><\/tr><tr><td><a href=\"https:\/\/www.kojsov.sk\/wp-content\/uploads\/2026\/03\/1745933885-1468-F11_Ohlasenie.pdf\" class=\"mtli_attachment mtli_pdf\">Ohl\u00e1senie<\/a><\/td><\/tr><tr><td><a href=\"https:\/\/www.kojsov.sk\/wp-content\/uploads\/2026\/03\/1745933886-6862-F10_Ina-ziadost_02.pdf\" class=\"mtli_attachment mtli_pdf\">In\u00e1 \u017eiados\u0165<\/a><\/td><\/tr><tr><td><a href=\"https:\/\/www.kojsov.sk\/wp-content\/uploads\/2026\/03\/1744895229-4517-F13_Vseobecny-formular.pdf\" class=\"mtli_attachment mtli_pdf\">Podanie &#8211; v\u0161eobecn\u00fd formul\u00e1r<\/a><\/td><\/tr><tr><td><a href=\"https:\/\/www.kojsov.sk\/wp-content\/uploads\/2022\/09\/ziadost-o-pridelenie-supisneho-cisla.pdf\" class=\"mtli_attachment mtli_pdf\">\u017diados\u0165 o pridelenie s\u00fapisn\u00e9ho \u010d\u00edsla<\/a><\/td><\/tr><tr><td><\/td><\/tr><\/tbody><\/table><\/figure>\n","protected":false},"excerpt":{"rendered":"<p>Obec Koj\u0161ovStavebn\u00fd \u00faradKoj\u0161ov 3055 52 Koj\u0161ov \u010co m\u00f4\u017eete vybavi\u0165 na&nbsp;stavebnom \u00farade vydanie \u00fazemn\u00e9ho rozhodnutia, vydanie stavebn\u00e9ho povolenia, vydanie kolauda\u010dn\u00e9ho rozhodnutia, vydanie rozhodnutia o&nbsp;zmene \u00fa\u010delu vyu\u017eitia stavby, vydanie rozhodnutia o&nbsp;zmene stavby pred dokon\u010den\u00edm, povolenie ter\u00e9nnych \u00faprav, reklamn\u00fdch a&nbsp;propaga\u010dn\u00fdch zariaden\u00ed, ohl\u00e1senie drobnej stavby, ohl\u00e1senie stavebn\u00fdch \u00faprav, vydanie z\u00e1v\u00e4zn\u00e9ho stanoviska pre \u0161peci\u00e1lne stavebn\u00e9 \u00farady, vydanie s\u00fapisn\u00e9ho \u010d\u00edsla. Stavebn\u00fd &hellip; <\/p>\n<p><a class=\"more-link btn\" href=\"https:\/\/www.kojsov.sk\/?page_id=7814\">Chcem vedie\u0165 viac<\/a><\/p>\n","protected":false},"author":5,"featured_media":0,"parent":0,"menu_order":0,"comment_status":"closed","ping_status":"closed","template":"","meta":[],"_links":{"self":[{"href":"https:\/\/www.kojsov.sk\/index.php?rest_route=\/wp\/v2\/pages\/7814"}],"collection":[{"href":"https:\/\/www.kojsov.sk\/index.php?rest_route=\/wp\/v2\/pages"}],"about":[{"href":"https:\/\/www.kojsov.sk\/index.php?rest_route=\/wp\/v2\/types\/page"}],"author":[{"embeddable":true,"href":"https:\/\/www.kojsov.sk\/index.php?rest_route=\/wp\/v2\/users\/5"}],"replies":[{"embeddable":true,"href":"https:\/\/www.kojsov.sk\/index.php?rest_route=%2Fwp%2Fv2%2Fcomments&post=7814"}],"version-history":[{"count":8,"href":"https:\/\/www.kojsov.sk\/index.php?rest_route=\/wp\/v2\/pages\/7814\/revisions"}],"predecessor-version":[{"id":9967,"href":"https:\/\/www.kojsov.sk\/index.php?rest_route=\/wp\/v2\/pages\/7814\/revisions\/9967"}],"wp:attachment":[{"href":"https:\/\/www.kojsov.sk\/index.php?rest_route=%2Fwp%2Fv2%2Fmedia&parent=7814"}],"curies":[{"name":"wp","href":"https:\/\/api.w.org\/{rel}","templated":true}]}}