{"id":9030,"date":"2024-02-13T16:56:30","date_gmt":"2024-02-13T14:56:30","guid":{"rendered":"https:\/\/www.kojsov.sk\/?page_id=9030"},"modified":"2024-06-10T13:05:28","modified_gmt":"2024-06-10T11:05:28","slug":"2024-volby-do-europskeho-parlamentu","status":"publish","type":"page","link":"https:\/\/www.kojsov.sk\/?page_id=9030","title":{"rendered":"2024 &#8211; Vo\u013eby do Eur\u00f3pskeho parlamentu"},"content":{"rendered":"\n<p><a href=\"https:\/\/www.kojsov.sk\/wp-content\/uploads\/2024\/02\/Rozhodnutie-predsedu-NR-SR-o-vyhlaseni-volieb-do-Europskeho-parlamentu.pdf\" class=\"mtli_attachment mtli_pdf\">Rozhodnutie predsedu NR SR o vyhl\u00e1sen\u00ed volieb do Eur\u00f3pskeho parlamentu<\/a><\/p>\n\n\n\n<p><a href=\"https:\/\/www.kojsov.sk\/wp-content\/uploads\/2024\/02\/Informacia-o-podmienkach-prava-volit-a-prava-byt-voleny-v-slovenskom-jazyku.pdf\" class=\"mtli_attachment mtli_pdf\">Inform\u00e1cia o podmienkach pr\u00e1va voli\u0165 a pr\u00e1va by\u0165 volen\u00fd v slovenskom jazyku<\/a><\/p>\n\n\n\n<p><a href=\"https:\/\/www.kojsov.sk\/wp-content\/uploads\/2024\/02\/Informacia-o-podmienkach-prava-volit-a-prava-byt-voleny-v-anglickom-jazyku.pdf\" class=\"mtli_attachment mtli_pdf\">Inform\u00e1cia o podmienkach pr\u00e1va voli\u0165 a pr\u00e1va by\u0165 volen\u00fd v anglickom jazyku<\/a><\/p>\n\n\n\n<p><a href=\"https:\/\/www.kojsov.sk\/wp-content\/uploads\/2024\/02\/Utvorenie-volebneho-okrsku-a-urcenie-volebnej-miestnosti.pdf\" class=\"mtli_attachment mtli_pdf\">Utvorenie volebn\u00e9ho okrsku a ur\u010denie volebnej miestnosti<\/a><\/p>\n\n\n\n<p><a href=\"https:\/\/www.kojsov.sk\/wp-content\/uploads\/2024\/02\/Vymenovanie-zapisovatelky-okrskovej-volebnej-komisie.pdf\" class=\"mtli_attachment mtli_pdf\">Vymenovanie zapisovate\u013eky okrskovej volebnej komisie<\/a><\/p>\n\n\n\n<p><a href=\"https:\/\/www.kojsov.sk\/wp-content\/uploads\/2024\/03\/Adresy-na-dorucenie-oznamenia-o-delegovani-clena-a-nahradnika-do-okrskovej-volebnej-komisie.pdf\" class=\"mtli_attachment mtli_pdf\">Adresy na doru\u010denie ozn\u00e1menia o delegovan\u00ed \u010dlena a n\u00e1hradn\u00edka do okrskovej volebnej komisie <\/a><\/p>\n\n\n\n<p><a href=\"https:\/\/www.kojsov.sk\/wp-content\/uploads\/2024\/04\/Umiestnovanie-volebnych-plagatov.pdf\" class=\"mtli_attachment mtli_pdf\">Umiest\u0148ovanie volebn\u00fdch plag\u00e1tov<\/a><\/p>\n\n\n\n<p><a href=\"https:\/\/www.kojsov.sk\/wp-content\/uploads\/2024\/04\/Elektronicka-adresa-na-dorucenie-ziadosti-o-vydanie-hlasovacieho-preukazu.pdf\" class=\"mtli_attachment mtli_pdf\">Elektronick\u00e1 adresa na doru\u010denie \u017eiadosti o vydanie hlasovacieho preukazu<\/a><\/p>\n\n\n\n<p><a href=\"https:\/\/www.minv.sk\/?ep24-info1sk\">Inform\u00e1cia pre voli\u010da: <strong>hlasovac\u00ed preukaz<\/strong>; <strong>sp\u00f4sob hlasovania<\/strong><\/a><\/p>\n\n\n\n<p><a href=\"https:\/\/www.kojsov.sk\/wp-content\/uploads\/2024\/06\/Hlasovanie-mimo-volebnej-miestnosti.pdf\" class=\"mtli_attachment mtli_pdf\">Hlasovanie mimo volebnej miestnosti<\/a><\/p>\n\n\n\n<p><a href=\"https:\/\/www.kojsov.sk\/wp-content\/uploads\/2024\/06\/Zapisnica-OVK-o-priebehu-a-vysledku-hlasovania.pdf\" class=\"mtli_attachment mtli_pdf\">Z\u00e1pisnica OVK o priebehu a v\u00fdsledku hlasovania<\/a><\/p>\n","protected":false},"excerpt":{"rendered":"<p>Rozhodnutie predsedu NR SR o vyhl\u00e1sen\u00ed volieb do Eur\u00f3pskeho parlamentu Inform\u00e1cia o podmienkach pr\u00e1va voli\u0165 a pr\u00e1va by\u0165 volen\u00fd v slovenskom jazyku Inform\u00e1cia o podmienkach pr\u00e1va voli\u0165 a pr\u00e1va by\u0165 volen\u00fd v anglickom jazyku Utvorenie volebn\u00e9ho okrsku a ur\u010denie volebnej miestnosti Vymenovanie zapisovate\u013eky okrskovej volebnej komisie Adresy na doru\u010denie ozn\u00e1menia o delegovan\u00ed \u010dlena a n\u00e1hradn\u00edka &hellip; <\/p>\n<p><a class=\"more-link btn\" href=\"https:\/\/www.kojsov.sk\/?page_id=9030\">Chcem vedie\u0165 viac<\/a><\/p>\n","protected":false},"author":1,"featured_media":0,"parent":0,"menu_order":0,"comment_status":"closed","ping_status":"closed","template":"","meta":[],"_links":{"self":[{"href":"https:\/\/www.kojsov.sk\/index.php?rest_route=\/wp\/v2\/pages\/9030"}],"collection":[{"href":"https:\/\/www.kojsov.sk\/index.php?rest_route=\/wp\/v2\/pages"}],"about":[{"href":"https:\/\/www.kojsov.sk\/index.php?rest_route=\/wp\/v2\/types\/page"}],"author":[{"embeddable":true,"href":"https:\/\/www.kojsov.sk\/index.php?rest_route=\/wp\/v2\/users\/1"}],"replies":[{"embeddable":true,"href":"https:\/\/www.kojsov.sk\/index.php?rest_route=%2Fwp%2Fv2%2Fcomments&post=9030"}],"version-history":[{"count":9,"href":"https:\/\/www.kojsov.sk\/index.php?rest_route=\/wp\/v2\/pages\/9030\/revisions"}],"predecessor-version":[{"id":9204,"href":"https:\/\/www.kojsov.sk\/index.php?rest_route=\/wp\/v2\/pages\/9030\/revisions\/9204"}],"wp:attachment":[{"href":"https:\/\/www.kojsov.sk\/index.php?rest_route=%2Fwp%2Fv2%2Fmedia&parent=9030"}],"curies":[{"name":"wp","href":"https:\/\/api.w.org\/{rel}","templated":true}]}}